Last updated on 2025-06-13 07:50:08 CEST.
Flavor | Version | Tinstall | Tcheck | Ttotal | Status | Flags |
---|---|---|---|---|---|---|
r-devel-linux-x86_64-debian-clang | 1.0.4 | 2.79 | 130.16 | 132.95 | NOTE | |
r-devel-linux-x86_64-debian-gcc | 1.0.4 | 1.72 | 190.92 | 192.64 | NOTE | |
r-devel-linux-x86_64-fedora-clang | 1.0.4 | 167.78 | OK | |||
r-devel-linux-x86_64-fedora-gcc | 1.0.4 | 177.83 | OK | |||
r-devel-windows-x86_64 | 1.0.4 | 5.00 | 244.00 | 249.00 | OK | |
r-patched-linux-x86_64 | 1.0.4 | 3.66 | 125.61 | 129.27 | OK | |
r-release-linux-x86_64 | 1.0.4 | 2.24 | 124.52 | 126.76 | OK | |
r-release-macos-arm64 | 1.0.4 | 99.00 | OK | |||
r-release-macos-x86_64 | 1.0.4 | 151.00 | OK | |||
r-release-windows-x86_64 | 1.0.4 | 4.00 | 241.00 | 245.00 | OK | |
r-oldrel-macos-arm64 | 1.0.4 | 88.00 | OK | |||
r-oldrel-macos-x86_64 | 1.0.4 | 111.00 | OK | |||
r-oldrel-windows-x86_64 | 1.0.4 | 6.00 | 221.00 | 227.00 | OK |
Version: 1.0.4
Check: CRAN incoming feasibility
Result: NOTE
Maintainer: ‘Irucka Embry <[email protected]>’
No Authors@R field in DESCRIPTION.
Please add one, modifying
Authors@R: person(given = "Irucka",
family = "Embry",
role = c("aut", "cre"),
email = "[email protected]")
as necessary.
Flavors: r-devel-linux-x86_64-debian-clang, r-devel-linux-x86_64-debian-gcc