CRAN Package Check Results for Package iheatmapr

Last updated on 2020-04-05 02:50:33 CEST.

Flavor Version Tinstall Tcheck Ttotal Status Flags
r-devel-linux-x86_64-debian-clang 0.4.12 13.84 132.56 146.40 OK
r-devel-linux-x86_64-debian-gcc 0.4.12 12.58 102.12 114.70 OK
r-devel-linux-x86_64-fedora-clang 0.4.12 172.49 OK
r-devel-linux-x86_64-fedora-gcc 0.4.12 174.84 OK
r-devel-windows-ix86+x86_64 0.4.12 4.00 6.00 10.00 ERROR
r-devel-windows-ix86+x86_64-gcc8 0.4.12 3.00 6.00 9.00 ERROR
r-patched-linux-x86_64 0.4.12 13.47 128.47 141.94 OK
r-patched-solaris-x86 0.4.12 227.20 OK
r-release-linux-x86_64 0.4.12 10.85 119.51 130.36 OK
r-release-windows-ix86+x86_64 0.4.12 21.00 187.00 208.00 OK
r-release-osx-x86_64 0.4.12 OK
r-oldrel-windows-ix86+x86_64 0.4.12 14.00 134.00 148.00 OK
r-oldrel-osx-x86_64 0.4.12 OK

Check Details

Version: 0.4.12
Check: whether package can be installed
Result: ERROR
    Installation failed.
Flavors: r-devel-windows-ix86+x86_64, r-devel-windows-ix86+x86_64-gcc8