CRAN Package Check Results for Package imgrec

Last updated on 2022-06-26 01:48:51 CEST.

Flavor Version Tinstall Tcheck Ttotal Status Flags
r-devel-linux-x86_64-debian-clang 0.1.3 5.27 54.95 60.22 OK
r-devel-linux-x86_64-debian-gcc 0.1.3 4.37 40.36 44.73 OK
r-devel-linux-x86_64-fedora-clang 0.1.3 82.62 NOTE
r-devel-linux-x86_64-fedora-gcc 0.1.3 78.91 NOTE
r-devel-windows-x86_64 0.1.3 21.00 82.00 103.00 OK
r-patched-linux-x86_64 0.1.3 4.55 50.97 55.52 OK
r-release-linux-x86_64 0.1.3 4.67 51.31 55.98 OK
r-release-macos-arm64 0.1.3 26.00 NOTE
r-release-macos-x86_64 0.1.3 43.00 NOTE
r-release-windows-x86_64 0.1.3 21.00 81.00 102.00 OK
r-oldrel-macos-arm64 0.1.3 28.00 NOTE
r-oldrel-macos-x86_64 0.1.3 34.00 NOTE
r-oldrel-windows-ix86+x86_64 0.1.3 14.00 73.00 87.00 OK

Check Details

Version: 0.1.3
Check: dependencies in R code
Result: NOTE
    Namespace in Imports field not imported from: ‘knitr’
     All declared Imports should be used.
Flavors: r-devel-linux-x86_64-fedora-clang, r-devel-linux-x86_64-fedora-gcc, r-release-macos-arm64, r-release-macos-x86_64, r-oldrel-macos-arm64, r-oldrel-macos-x86_64