Last updated on 2023-02-06 00:52:33 CET.
Flavor | Version | Tinstall | Tcheck | Ttotal | Status | Flags |
---|---|---|---|---|---|---|
r-devel-linux-x86_64-debian-clang | 1.4-15 | 118.14 | 83.07 | 201.21 | OK | |
r-devel-linux-x86_64-debian-gcc | 1.4-15 | 89.60 | 61.77 | 151.37 | OK | |
r-devel-linux-x86_64-fedora-clang | 1.4-15 | 269.73 | OK | |||
r-devel-linux-x86_64-fedora-gcc | 1.4-15 | 250.63 | OK | |||
r-devel-windows-x86_64 | 1.4-15 | 123.00 | 145.00 | 268.00 | OK | |
r-patched-linux-x86_64 | 1.4-15 | 91.38 | 78.80 | 170.18 | OK | |
r-release-linux-x86_64 | 1.4-15 | 90.13 | 47.58 | 137.71 | OK | |
r-release-macos-arm64 | 1.4-15 | 70.00 | NOTE | |||
r-release-macos-x86_64 | 1.4-15 | 85.00 | NOTE | |||
r-release-windows-x86_64 | 1.4-15 | 117.00 | 143.00 | 260.00 | OK | |
r-oldrel-macos-arm64 | 1.4-15 | 67.00 | NOTE | |||
r-oldrel-macos-x86_64 | 1.4-15 | 91.00 | NOTE | |||
r-oldrel-windows-ix86+x86_64 | 1.4-15 | 251.00 | 144.00 | 395.00 | OK |
Version: 1.4-15
Check: installed package size
Result: NOTE
installed size is 5.0Mb
sub-directories of 1Mb or more:
libs 4.2Mb
Flavors: r-release-macos-arm64, r-release-macos-x86_64, r-oldrel-macos-arm64, r-oldrel-macos-x86_64