CRAN Package Check Results for Package immer

Last updated on 2020-08-11 01:54:39 CEST.

Flavor Version Tinstall Tcheck Ttotal Status Flags
r-devel-linux-x86_64-debian-clang 1.1-35 107.69 73.51 181.20 OK
r-devel-linux-x86_64-debian-gcc 1.1-35 79.63 56.14 135.77 OK
r-devel-linux-x86_64-fedora-clang 1.1-35 242.39 NOTE
r-devel-linux-x86_64-fedora-gcc 1.1-35 225.99 OK
r-devel-windows-ix86+x86_64 1.1-35 259.00 152.00 411.00 OK
r-patched-linux-x86_64 1.1-35 91.11 72.94 164.05 OK
r-patched-solaris-x86 1.1-35 228.70 OK
r-release-linux-x86_64 1.1-35 87.97 73.02 160.99 OK
r-release-macos-x86_64 1.1-35 NOTE
r-release-windows-ix86+x86_64 1.1-35 262.00 127.00 389.00 OK
r-oldrel-macos-x86_64 1.1-35 OK
r-oldrel-windows-ix86+x86_64 1.1-35 191.00 116.00 307.00 OK

Check Details

Version: 1.1-35
Check: installed package size
Result: NOTE
     installed size is 6.8Mb
     sub-directories of 1Mb or more:
     libs 5.9Mb
Flavors: r-devel-linux-x86_64-fedora-clang, r-release-macos-x86_64

Version: 1.1-35
Check: Rd cross-references
Result: NOTE
    Undeclared package ‘mirt’ in Rd xrefs
Flavor: r-devel-linux-x86_64-fedora-clang