CRAN Package Check Results for Package immuneSIM

Last updated on 2020-04-01 01:48:53 CEST.

Flavor Version Tinstall Tcheck Ttotal Status Flags
r-devel-linux-x86_64-debian-clang 0.8.7 47.82 173.62 221.44 OK
r-devel-linux-x86_64-debian-gcc 0.8.7 44.87 135.00 179.87 OK
r-devel-linux-x86_64-fedora-clang 0.8.7 270.00 OK
r-devel-linux-x86_64-fedora-gcc 0.8.7 268.64 OK
r-devel-windows-ix86+x86_64 0.8.7 40.00 6.00 46.00 ERROR
r-devel-windows-ix86+x86_64-gcc8 0.8.7 33.00 5.00 38.00 ERROR
r-patched-linux-x86_64 0.8.7 47.02 162.84 209.86 OK
r-patched-solaris-x86 0.8.7 437.90 OK
r-release-linux-x86_64 0.8.7 44.36 155.66 200.02 OK
r-release-windows-ix86+x86_64 0.8.7 96.00 227.00 323.00 OK
r-release-osx-x86_64 0.8.7 OK
r-oldrel-windows-ix86+x86_64 0.8.7 74.00 216.00 290.00 OK
r-oldrel-osx-x86_64 0.8.7 OK

Check Details

Version: 0.8.7
Check: whether package can be installed
Result: ERROR
    Installation failed.
Flavors: r-devel-windows-ix86+x86_64, r-devel-windows-ix86+x86_64-gcc8