CRAN Package Check Results for Package imputeFin

Last updated on 2021-04-13 01:47:41 CEST.

Flavor Version Tinstall Tcheck Ttotal Status Flags
r-devel-linux-x86_64-debian-clang 0.1.2 6.04 119.79 125.83 OK
r-devel-linux-x86_64-debian-gcc 0.1.2 5.09 85.37 90.46 OK
r-devel-linux-x86_64-fedora-clang 0.1.2 152.77 OK
r-devel-linux-x86_64-fedora-gcc 0.1.2 145.76 OK
r-devel-windows-ix86+x86_64 0.1.2 12.00 143.00 155.00 OK
r-devel-windows-x86_64-gcc10-UCRT 0.1.2 OK
r-patched-linux-x86_64 0.1.2 5.43 115.74 121.17 OK
r-patched-solaris-x86 0.1.2 190.80 OK
r-release-linux-x86_64 0.1.2 6.32 114.95 121.27 OK
r-release-macos-x86_64 0.1.2 OK
r-release-windows-ix86+x86_64 0.1.2 9.00 150.00 159.00 OK
r-oldrel-macos-x86_64 0.1.2 OK
r-oldrel-windows-ix86+x86_64 0.1.2 9.00 100.00 109.00 ERROR

Check Details

Version: 0.1.2
Check: tests
Result: ERROR
     Running 'testthat.R' [53s]
    Running the tests in 'tests/testthat.R' failed.
    Complete output:
     > library(testthat)
     > library(imputeFin)
     >
     > test_check("imputeFin")
     == Failed tests ================================================================
     -- Failure (test-impute_AR1_t.R:47:3): imputation plus outliers work -----------
     y_missing[idx_not_NA, 3] not equivalent to y_clean[idx_not_NA].
     Mean relative difference: 0.2826505
    
     [ FAIL 1 | WARN 0 | SKIP 0 | PASS 102 ]
     Error: Test failures
     Execution halted
Flavor: r-oldrel-windows-ix86+x86_64