CRAN Package Check Results for Package imputePSF

Last updated on 2021-09-26 01:49:54 CEST.

Flavor Version Tinstall Tcheck Ttotal Status Flags
r-devel-linux-x86_64-debian-clang 0.1.0 2.33 28.32 30.65 NOTE
r-devel-linux-x86_64-debian-gcc 0.1.0 2.12 21.77 23.89 NOTE
r-devel-linux-x86_64-fedora-clang 0.1.0 45.48 NOTE
r-devel-linux-x86_64-fedora-gcc 0.1.0 34.51 NOTE
r-devel-windows-x86_64 0.1.0 3.00 31.00 34.00 NOTE
r-devel-windows-x86_64-gcc10-UCRT 0.1.0 NOTE
r-patched-linux-x86_64 0.1.0 2.46 26.78 29.24 NOTE
r-patched-solaris-x86 0.1.0 54.50 NOTE
r-release-linux-x86_64 0.1.0 2.65 26.54 29.19 NOTE
r-release-macos-arm64 0.1.0 NOTE
r-release-macos-x86_64 0.1.0 NOTE
r-release-windows-ix86+x86_64 0.1.0 6.00 32.00 38.00 NOTE
r-oldrel-macos-x86_64 0.1.0 NOTE
r-oldrel-windows-ix86+x86_64 0.1.0 5.00 34.00 39.00 NOTE

Check Details

Version: 0.1.0
Check: R code for possible problems
Result: NOTE
    heal_data: no visible global function definition for 'optimum_k'
    heal_data: no visible global function definition for 'optimum_w'
    heal_data: no visible global function definition for 'pred_for_w'
    Undefined global functions or variables:
     optimum_k optimum_w pred_for_w
Flavors: r-devel-linux-x86_64-debian-clang, r-devel-linux-x86_64-debian-gcc, r-devel-linux-x86_64-fedora-clang, r-devel-linux-x86_64-fedora-gcc, r-devel-windows-x86_64, r-devel-windows-x86_64-gcc10-UCRT, r-patched-linux-x86_64, r-patched-solaris-x86, r-release-linux-x86_64, r-release-macos-arm64, r-release-macos-x86_64, r-release-windows-ix86+x86_64, r-oldrel-macos-x86_64, r-oldrel-windows-ix86+x86_64

Version: 0.1.0
Check: LazyData
Result: NOTE
     'LazyData' is specified without a 'data' directory
Flavors: r-devel-linux-x86_64-debian-clang, r-devel-linux-x86_64-debian-gcc, r-devel-linux-x86_64-fedora-clang, r-devel-linux-x86_64-fedora-gcc, r-devel-windows-x86_64, r-devel-windows-x86_64-gcc10-UCRT, r-patched-linux-x86_64, r-patched-solaris-x86, r-release-linux-x86_64, r-release-macos-arm64, r-release-macos-x86_64, r-release-windows-ix86+x86_64