CRAN Package Check Results for Package imputeR

Last updated on 2021-09-22 01:48:48 CEST.

Flavor Version Tinstall Tcheck Ttotal Status Flags
r-devel-linux-x86_64-debian-clang 2.2 4.21 44.46 48.67 OK
r-devel-linux-x86_64-debian-gcc 2.2 3.14 35.07 38.21 OK
r-devel-linux-x86_64-fedora-clang 2.2 67.64 OK
r-devel-linux-x86_64-fedora-gcc 2.2 56.37 OK
r-devel-windows-x86_64 2.2 4.00 49.00 53.00 OK
r-devel-windows-x86_64-gcc10-UCRT 2.2 ERROR
r-patched-linux-x86_64 2.2 4.33 42.63 46.96 OK
r-patched-solaris-x86 2.2 91.70 OK
r-release-linux-x86_64 2.2 3.70 43.41 47.11 OK
r-release-macos-arm64 2.2 OK
r-release-macos-x86_64 2.2 OK
r-release-windows-ix86+x86_64 2.2 9.00 50.00 59.00 OK
r-oldrel-macos-x86_64 2.2 NOTE
r-oldrel-windows-ix86+x86_64 2.2 8.00 54.00 62.00 OK

Check Details

Version: 2.2
Check: whether package can be installed
Result: WARN
    Found the following significant warnings:
     WARNING: installation-time patches will not be applied, could not get the patches index
Flavor: r-devel-windows-x86_64-gcc10-UCRT

Version: 2.2
Check: PDF version of manual
Result: WARN
    LaTeX errors when creating PDF version.
    This typically indicates Rd problems.
Flavor: r-devel-windows-x86_64-gcc10-UCRT

Version: 2.2
Check: PDF version of manual without hyperrefs or index
Result: ERROR
    Re-running with no redirection of stdout/stderr.
Flavor: r-devel-windows-x86_64-gcc10-UCRT

Version: 2.2
Check: package dependencies
Result: NOTE
    Package suggested but not available for checking: ‘ridge’
Flavor: r-oldrel-macos-x86_64

Version: 2.2
Check: Rd cross-references
Result: NOTE
    Package unavailable to check Rd xrefs: ‘ridge’
Flavor: r-oldrel-macos-x86_64