CRAN Package Check Results for Package imputeTS

Last updated on 2021-10-22 01:55:07 CEST.

Flavor Version Tinstall Tcheck Ttotal Status Flags
r-devel-linux-x86_64-debian-clang 3.2 33.06 172.76 205.82 OK
r-devel-linux-x86_64-debian-gcc 3.2 24.88 126.15 151.03 OK
r-devel-linux-x86_64-fedora-clang 3.2 272.19 OK
r-devel-linux-x86_64-fedora-gcc 3.2 257.63 OK
r-devel-windows-x86_64 3.2 51.00 240.00 291.00 OK
r-devel-windows-x86_64-gcc10-UCRT 3.2 OK
r-patched-linux-x86_64 3.2 30.46 171.30 201.76 OK
r-patched-solaris-x86 3.2 358.00 OK
r-release-linux-x86_64 3.2 31.60 170.59 202.19 OK
r-release-macos-arm64 3.2 OK
r-release-macos-x86_64 3.2 OK
r-release-windows-ix86+x86_64 3.2 79.00 347.00 426.00 NOTE
r-oldrel-macos-x86_64 3.2 OK
r-oldrel-windows-ix86+x86_64 3.2 88.00 396.00 484.00 NOTE

Check Details

Version: 3.2
Check: installed package size
Result: NOTE
     installed size is 5.1Mb
     sub-directories of 1Mb or more:
     data 1.3Mb
     doc 1.1Mb
     libs 2.1Mb
Flavors: r-release-windows-ix86+x86_64, r-oldrel-windows-ix86+x86_64