Last updated on 2022-06-30 01:49:11 CEST.
Flavor | Version | Tinstall | Tcheck | Ttotal | Status | Flags |
---|---|---|---|---|---|---|
r-devel-linux-x86_64-debian-clang | 3.1.1 | 13.69 | 283.48 | 297.17 | OK | |
r-devel-linux-x86_64-debian-gcc | 3.1.1 | 10.82 | 203.06 | 213.88 | OK | |
r-devel-linux-x86_64-fedora-clang | 3.1.1 | 343.37 | NOTE | |||
r-devel-linux-x86_64-fedora-gcc | 3.1.1 | 347.65 | OK | |||
r-devel-windows-x86_64 | 3.1.1 | 307.00 | 385.00 | 692.00 | NOTE | |
r-patched-linux-x86_64 | 3.1.1 | 16.63 | 265.10 | 281.73 | OK | |
r-release-linux-x86_64 | 3.1.1 | 8.72 | 266.66 | 275.38 | OK | |
r-release-macos-arm64 | 3.1.1 | 96.00 | NOTE | |||
r-release-macos-x86_64 | 3.1.1 | 156.00 | NOTE | |||
r-release-windows-x86_64 | 3.1.1 | 306.00 | 352.00 | 658.00 | NOTE | |
r-oldrel-macos-arm64 | 3.1.1 | 73.00 | NOTE | |||
r-oldrel-macos-x86_64 | 3.1.1 | 125.00 | NOTE | |||
r-oldrel-windows-ix86+x86_64 | 3.1.1 | 39.00 | 384.00 | 423.00 | NOTE |
Version: 3.1.1
Check: installed package size
Result: NOTE
installed size is 10.2Mb
sub-directories of 1Mb or more:
doc 9.7Mb
Flavors: r-devel-linux-x86_64-fedora-clang, r-devel-windows-x86_64, r-release-macos-arm64, r-release-macos-x86_64, r-release-windows-x86_64, r-oldrel-macos-arm64, r-oldrel-macos-x86_64, r-oldrel-windows-ix86+x86_64
Version: 3.1.1
Check: Rd cross-references
Result: NOTE
Undeclared package ‘DT’ in Rd xrefs
Flavor: r-devel-linux-x86_64-fedora-clang