CRAN Package Check Results for Package indiedown

Last updated on 2023-02-07 00:54:20 CET.

Flavor Version Tinstall Tcheck Ttotal Status Flags
r-devel-linux-x86_64-debian-clang 0.1.1 2.36 36.07 38.43 NOTE
r-devel-linux-x86_64-debian-gcc 0.1.1 2.14 27.93 30.07 NOTE
r-devel-linux-x86_64-fedora-clang 0.1.1 49.24 NOTE
r-devel-linux-x86_64-fedora-gcc 0.1.1 58.49 NOTE
r-devel-windows-x86_64 0.1.1 25.00 76.00 101.00 NOTE
r-patched-linux-x86_64 0.1.1 2.68 36.23 38.91 NOTE
r-release-linux-x86_64 0.1.1 2.00 34.14 36.14 NOTE
r-release-macos-arm64 0.1.1 22.00 NOTE
r-release-macos-x86_64 0.1.1 36.00 NOTE
r-release-windows-x86_64 0.1.1 6.00 78.00 84.00 NOTE
r-oldrel-macos-arm64 0.1.1 26.00 NOTE
r-oldrel-macos-x86_64 0.1.1 39.00 NOTE
r-oldrel-windows-ix86+x86_64 0.1.1 8.00 67.00 75.00 NOTE

Check Details

Version: 0.1.1
Check: LazyData
Result: NOTE
     'LazyData' is specified without a 'data' directory
Flavors: r-devel-linux-x86_64-debian-clang, r-devel-linux-x86_64-debian-gcc, r-devel-linux-x86_64-fedora-clang, r-devel-linux-x86_64-fedora-gcc, r-devel-windows-x86_64, r-patched-linux-x86_64, r-release-linux-x86_64, r-release-macos-arm64, r-release-macos-x86_64, r-release-windows-x86_64, r-oldrel-macos-arm64, r-oldrel-macos-x86_64, r-oldrel-windows-ix86+x86_64