CRAN Package Check Results for Package infotheo

Last updated on 2020-09-22 02:17:22 CEST.

Flavor Version Tinstall Tcheck Ttotal Status Flags
r-devel-linux-x86_64-debian-clang 1.2.0 5.55 19.64 25.19 NOTE
r-devel-linux-x86_64-debian-gcc 1.2.0 4.07 16.18 20.25 NOTE
r-devel-linux-x86_64-fedora-clang 1.2.0 41.31 NOTE
r-devel-linux-x86_64-fedora-gcc 1.2.0 30.85 NOTE
r-devel-windows-ix86+x86_64 1.2.0 15.00 41.00 56.00 NOTE
r-patched-linux-x86_64 1.2.0 4.46 19.90 24.36 NOTE
r-patched-solaris-x86 1.2.0 46.30 NOTE
r-release-linux-x86_64 1.2.0 4.37 19.73 24.10 NOTE
r-release-macos-x86_64 1.2.0 NOTE
r-release-windows-ix86+x86_64 1.2.0 14.00 47.00 61.00 NOTE
r-oldrel-macos-x86_64 1.2.0 NOTE
r-oldrel-windows-ix86+x86_64 1.2.0 11.00 55.00 66.00 NOTE

Check Details

Version: 1.2.0
Check: R code for possible problems
Result: NOTE
    entropy: no visible global function definition for 'na.omit'
    interinformation: no visible global function definition for 'na.omit'
    multiinformation: no visible global function definition for 'na.omit'
    mutinformation: no visible global function definition for 'na.omit'
    Undefined global functions or variables:
     na.omit
    Consider adding
     importFrom("stats", "na.omit")
    to your NAMESPACE file.
Flavors: r-devel-linux-x86_64-debian-clang, r-devel-linux-x86_64-debian-gcc, r-devel-linux-x86_64-fedora-clang, r-devel-linux-x86_64-fedora-gcc, r-devel-windows-ix86+x86_64, r-patched-linux-x86_64, r-patched-solaris-x86, r-release-linux-x86_64, r-release-macos-x86_64, r-release-windows-ix86+x86_64, r-oldrel-macos-x86_64, r-oldrel-windows-ix86+x86_64

Version: 1.2.0
Check: compiled code
Result: NOTE
    File ‘infotheo/libs/infotheo.so’:
     Found no calls to: ‘R_registerRoutines’, ‘R_useDynamicSymbols’
    
    It is good practice to register native routines and to disable symbol
    search.
    
    See ‘Writing portable packages’ in the ‘Writing R Extensions’ manual.
Flavors: r-devel-linux-x86_64-fedora-clang, r-devel-linux-x86_64-fedora-gcc