Last updated on 2021-03-07 00:48:53 CET.
Flavor | Version | Tinstall | Tcheck | Ttotal | Status | Flags |
---|---|---|---|---|---|---|
r-devel-linux-x86_64-debian-clang | 2019.12.5 | 5.67 | 33.82 | 39.49 | OK | |
r-devel-linux-x86_64-debian-gcc | 2019.12.5 | 3.94 | 26.54 | 30.48 | OK | |
r-devel-linux-x86_64-fedora-clang | 2019.12.5 | 57.76 | NOTE | |||
r-devel-linux-x86_64-fedora-gcc | 2019.12.5 | 46.62 | OK | |||
r-devel-windows-ix86+x86_64 | 2019.12.5 | 13.00 | 66.00 | 79.00 | OK | |
r-patched-linux-x86_64 | 2019.12.5 | 4.43 | 32.82 | 37.25 | OK | |
r-patched-solaris-x86 | 2019.12.5 | 69.70 | OK | |||
r-release-linux-x86_64 | 2019.12.5 | 4.72 | 32.83 | 37.55 | OK | |
r-release-macos-x86_64 | 2019.12.5 | OK | ||||
r-release-windows-ix86+x86_64 | 2019.12.5 | 9.00 | 58.00 | 67.00 | OK | |
r-oldrel-macos-x86_64 | 2019.12.5 | OK | ||||
r-oldrel-windows-ix86+x86_64 | 2019.12.5 | 7.00 | 42.00 | 49.00 | OK |
Version: 2019.12.5
Check: Rd cross-references
Result: NOTE
Undeclared package ‘R.methodsS3’ in Rd xrefs
Flavor: r-devel-linux-x86_64-fedora-clang