CRAN Package Check Results for Package inpdfr

Last updated on 2020-06-03 01:50:49 CEST.

Flavor Version Tinstall Tcheck Ttotal Status Flags
r-devel-linux-x86_64-debian-clang 0.1.11 6.50 51.71 58.21 OK
r-devel-linux-x86_64-debian-gcc 0.1.11 5.19 40.44 45.63 OK
r-devel-linux-x86_64-fedora-clang 0.1.11 79.74 NOTE
r-devel-linux-x86_64-fedora-gcc 0.1.11 70.33 NOTE
r-devel-windows-ix86+x86_64 0.1.11 21.00 98.00 119.00 OK
r-patched-linux-x86_64 0.1.11 5.37 50.32 55.69 OK
r-patched-solaris-x86 0.1.11 106.50 NOTE
r-release-linux-x86_64 0.1.11 4.47 50.20 54.67 OK
r-release-osx-x86_64 0.1.11 NOTE
r-release-windows-ix86+x86_64 0.1.11 20.00 97.00 117.00 OK
r-oldrel-osx-x86_64 0.1.11 NOTE
r-oldrel-windows-ix86+x86_64 0.1.11 16.00 74.00 90.00 OK

Check Details

Version: 0.1.11
Check: dependencies in R code
Result: NOTE
    Namespace in Imports field not imported from: ‘ca’
     All declared Imports should be used.
Flavors: r-devel-linux-x86_64-fedora-clang, r-devel-linux-x86_64-fedora-gcc, r-patched-solaris-x86, r-release-osx-x86_64, r-oldrel-osx-x86_64