Last updated on 2023-05-30 08:02:20 CEST.
Flavor | Version | Tinstall | Tcheck | Ttotal | Status | Flags |
---|---|---|---|---|---|---|
r-devel-linux-x86_64-debian-clang | 0.1.11 | 7.13 | 66.03 | 73.16 | OK | |
r-devel-linux-x86_64-debian-gcc | 0.1.11 | 5.22 | 49.90 | 55.12 | OK | |
r-devel-linux-x86_64-fedora-clang | 0.1.11 | 90.60 | NOTE | |||
r-devel-linux-x86_64-fedora-gcc | 0.1.11 | 97.35 | NOTE | |||
r-devel-windows-x86_64 | 0.1.11 | 8.00 | 83.00 | 91.00 | OK | |
r-patched-linux-x86_64 | 0.1.11 | 7.22 | 62.57 | 69.79 | OK | |
r-release-linux-x86_64 | 0.1.11 | 7.31 | 61.82 | 69.13 | OK | |
r-release-macos-arm64 | 0.1.11 | 40.00 | OK | |||
r-release-macos-x86_64 | 0.1.11 | 56.00 | OK | |||
r-release-windows-x86_64 | 0.1.11 | 10.00 | 92.00 | 102.00 | OK | |
r-oldrel-macos-arm64 | 0.1.11 | 33.00 | NOTE | |||
r-oldrel-macos-x86_64 | 0.1.11 | 54.00 | NOTE | |||
r-oldrel-windows-x86_64 | 0.1.11 | 11.00 | 89.00 | 100.00 | OK |
Version: 0.1.11
Check: dependencies in R code
Result: NOTE
Namespace in Imports field not imported from: ‘ca’
All declared Imports should be used.
Flavors: r-devel-linux-x86_64-fedora-clang, r-devel-linux-x86_64-fedora-gcc, r-oldrel-macos-arm64, r-oldrel-macos-x86_64