CRAN Package Check Results for Package inspectdf

Last updated on 2020-08-12 01:47:03 CEST.

Flavor Version Tinstall Tcheck Ttotal Status Flags
r-devel-linux-x86_64-debian-clang 0.0.8 30.17 60.52 90.69 OK
r-devel-linux-x86_64-debian-gcc 0.0.8 0.36 1.81 2.17 ERROR
r-devel-linux-x86_64-fedora-clang 0.0.8 122.89 OK
r-devel-linux-x86_64-fedora-gcc 0.0.8 107.50 OK
r-devel-windows-ix86+x86_64 0.0.8 59.00 136.00 195.00 OK
r-patched-linux-x86_64 0.0.8 24.53 58.12 82.65 OK
r-patched-solaris-x86 0.0.8 128.10 OK
r-release-linux-x86_64 0.0.8 0.49 2.30 2.79 ERROR
r-release-macos-x86_64 0.0.8 OK
r-release-windows-ix86+x86_64 0.0.8 82.00 145.00 227.00 OK
r-oldrel-macos-x86_64 0.0.8 OK
r-oldrel-windows-ix86+x86_64 0.0.8 58.00 94.00 152.00 OK

Check Details

Version: 0.0.8
Check: package dependencies
Result: ERROR
    Package required but not available: ‘tidyr’
    
    See section ‘The DESCRIPTION file’ in the ‘Writing R Extensions’
    manual.
Flavors: r-devel-linux-x86_64-debian-gcc, r-release-linux-x86_64