CRAN Package Check Results for Package interactions

Last updated on 2020-06-06 02:07:01 CEST.

Flavor Version Tinstall Tcheck Ttotal Status Flags
r-devel-linux-x86_64-debian-clang 1.1.3 10.51 352.72 363.23 OK
r-devel-linux-x86_64-debian-gcc 1.1.3 7.68 256.85 264.53 OK
r-devel-linux-x86_64-fedora-clang 1.1.3 442.88 OK
r-devel-linux-x86_64-fedora-gcc 1.1.3 439.67 OK
r-devel-windows-ix86+x86_64 1.1.3 29.00 457.00 486.00 OK
r-patched-linux-x86_64 1.1.3 9.35 344.39 353.74 NOTE
r-patched-solaris-x86 1.1.3 522.30 OK
r-release-linux-x86_64 1.1.3 9.47 343.92 353.39 OK
r-release-osx-x86_64 1.1.3 OK
r-release-windows-ix86+x86_64 1.1.3 27.00 471.00 498.00 OK
r-oldrel-osx-x86_64 1.1.3 OK
r-oldrel-windows-ix86+x86_64 1.1.3 25.00 462.00 487.00 OK

Check Details

Version: 1.1.3
Check: package dependencies
Result: NOTE
    Package which this enhances but not available for checking: ‘rstanarm’
Flavor: r-patched-linux-x86_64