Last updated on 2023-01-27 00:51:05 CET.
Flavor | Version | Tinstall | Tcheck | Ttotal | Status | Flags |
---|---|---|---|---|---|---|
r-devel-linux-x86_64-debian-clang | 0.1.0 | 2.33 | 25.78 | 28.11 | OK | |
r-devel-linux-x86_64-debian-gcc | 0.1.0 | 1.91 | 20.53 | 22.44 | OK | |
r-devel-linux-x86_64-fedora-clang | 0.1.0 | 37.62 | NOTE | |||
r-devel-linux-x86_64-fedora-gcc | 0.1.0 | 35.31 | OK | |||
r-devel-windows-x86_64 | 0.1.0 | 6.00 | 64.00 | 70.00 | OK | |
r-patched-linux-x86_64 | 0.1.0 | 2.32 | 26.71 | 29.03 | OK | |
r-release-linux-x86_64 | 0.1.0 | 2.86 | 26.36 | 29.22 | OK | |
r-release-macos-arm64 | 0.1.0 | 16.00 | OK | |||
r-release-macos-x86_64 | 0.1.0 | 23.00 | OK | |||
r-release-windows-x86_64 | 0.1.0 | 13.00 | 60.00 | 73.00 | OK | |
r-oldrel-macos-arm64 | 0.1.0 | 20.00 | OK | |||
r-oldrel-macos-x86_64 | 0.1.0 | 30.00 | OK | |||
r-oldrel-windows-ix86+x86_64 | 0.1.0 | 6.00 | 50.00 | 56.00 | OK |
Version: 0.1.0
Check: Rd cross-references
Result: NOTE
Undeclared package ‘colorspace’ in Rd xrefs
Flavor: r-devel-linux-x86_64-fedora-clang