Last updated on 2022-05-20 01:51:07 CEST.
Flavor | Version | Tinstall | Tcheck | Ttotal | Status | Flags |
---|---|---|---|---|---|---|
r-devel-linux-x86_64-debian-clang | 1.1-2 | 143.72 | 62.04 | 205.76 | OK | |
r-devel-linux-x86_64-debian-gcc | 1.1-2 | 121.30 | 50.03 | 171.33 | OK | |
r-devel-linux-x86_64-fedora-clang | 1.1-2 | 306.41 | NOTE | |||
r-devel-linux-x86_64-fedora-gcc | 1.1-2 | 292.40 | OK | |||
r-devel-windows-x86_64 | 1.1-2 | 109.00 | 103.00 | 212.00 | OK | |
r-patched-linux-x86_64 | 1.1-2 | 129.78 | 60.90 | 190.68 | OK | |
r-release-linux-x86_64 | 1.1-2 | 138.27 | 61.50 | 199.77 | OK | |
r-release-macos-arm64 | 1.1-2 | 73.00 | NOTE | |||
r-release-macos-x86_64 | 1.1-2 | 95.00 | NOTE | |||
r-release-windows-x86_64 | 1.1-2 | 112.00 | 106.00 | 218.00 | OK | |
r-oldrel-macos-arm64 | 1.1-2 | 68.00 | NOTE | |||
r-oldrel-macos-x86_64 | 1.1-2 | 87.00 | NOTE | |||
r-oldrel-windows-ix86+x86_64 | 1.1-2 | 319.00 | 117.00 | 436.00 | OK |
Version: 1.1-2
Check: installed package size
Result: NOTE
installed size is 27.9Mb
sub-directories of 1Mb or more:
libs 27.5Mb
Flavors: r-devel-linux-x86_64-fedora-clang, r-release-macos-arm64, r-release-macos-x86_64, r-oldrel-macos-arm64, r-oldrel-macos-x86_64