CRAN Package Check Results for Package inti

Last updated on 2021-10-23 03:28:46 CEST.

Flavor Version Tinstall Tcheck Ttotal Status Flags
r-devel-linux-x86_64-debian-clang 0.4.4 15.52 143.62 159.14 OK
r-devel-linux-x86_64-debian-gcc 0.4.4 13.36 107.55 120.91 OK
r-devel-linux-x86_64-fedora-clang 0.4.4 197.15 OK
r-devel-linux-x86_64-fedora-gcc 0.4.4 183.32 OK
r-devel-windows-x86_64 0.4.4 26.00 193.00 219.00 OK
r-devel-windows-x86_64-gcc10-UCRT 0.4.4 OK
r-patched-linux-x86_64 0.4.4 15.47 152.72 168.19 OK
r-patched-solaris-x86 0.4.4 256.70 OK
r-release-linux-x86_64 0.4.4 15.21 150.90 166.11 OK
r-release-macos-arm64 0.4.4 OK
r-release-macos-x86_64 0.4.4 WARN
r-release-windows-ix86+x86_64 0.4.4 29.00 197.00 226.00 OK
r-oldrel-macos-x86_64 0.4.4 WARN
r-oldrel-windows-ix86+x86_64 0.4.4 27.00 204.00 231.00 OK

Check Details

Version: 0.4.4
Check: re-building of vignette outputs
Result: WARN
    Error(s) in re-building vignettes:
    --- re-building ‘apps.Rmd’ using rmarkdown
    Pandoc is required to build R Markdown vignettes but not available. Please make sure it is installed.
    Quitting from lines 12-13 (apps.Rmd)
    Error: processing vignette 'apps.Rmd' failed with diagnostics:
    cannot open the connection to 'http://inkaverse.com/docs.r'
    --- failed re-building ‘apps.Rmd’
    
    --- re-building ‘heritability.Rmd’ using rmarkdown
    Pandoc is required to build R Markdown vignettes but not available. Please make sure it is installed.
    Quitting from lines 19-21 (heritability.Rmd)
    Error: processing vignette 'heritability.Rmd' failed with diagnostics:
    cannot open the connection to 'http://inkaverse.com/docs.r'
    --- failed re-building ‘heritability.Rmd’
    
    --- re-building ‘policy.Rmd’ using rmarkdown
    Pandoc is required to build R Markdown vignettes but not available. Please make sure it is installed.
    --- finished re-building ‘policy.Rmd’
    
    --- re-building ‘rticles.Rmd’ using rmarkdown
    Pandoc is required to build R Markdown vignettes but not available. Please make sure it is installed.
    Quitting from lines 12-13 (rticles.Rmd)
    Error: processing vignette 'rticles.Rmd' failed with diagnostics:
    cannot open the connection to 'http://inkaverse.com/docs.r'
    --- failed re-building ‘rticles.Rmd’
    
    --- re-building ‘tarpuy.Rmd’ using rmarkdown
    Pandoc is required to build R Markdown vignettes but not available. Please make sure it is installed.
    Quitting from lines 12-13 (tarpuy.Rmd)
    Error: processing vignette 'tarpuy.Rmd' failed with diagnostics:
    cannot open the connection to 'http://inkaverse.com/docs.r'
    --- failed re-building ‘tarpuy.Rmd’
    
    --- re-building ‘yupana.Rmd’ using rmarkdown
    Pandoc is required to build R Markdown vignettes but not available. Please make sure it is installed.
    Quitting from lines 12-13 (yupana.Rmd)
    Error: processing vignette 'yupana.Rmd' failed with diagnostics:
    cannot open the connection to 'http://inkaverse.com/docs.r'
    --- failed re-building ‘yupana.Rmd’
    
    SUMMARY: processing the following files failed:
     ‘apps.Rmd’ ‘heritability.Rmd’ ‘rticles.Rmd’ ‘tarpuy.Rmd’ ‘yupana.Rmd’
    
    Error: Vignette re-building failed.
    Execution halted
Flavors: r-release-macos-x86_64, r-oldrel-macos-x86_64