CRAN Package Check Results for Package intsurv

Last updated on 2020-07-09 01:57:42 CEST.

Flavor Version Tinstall Tcheck Ttotal Status Flags
r-devel-linux-x86_64-debian-clang 0.2.1 203.74 45.76 249.50 OK
r-devel-linux-x86_64-debian-gcc 0.2.1 164.17 34.78 198.95 OK
r-devel-linux-x86_64-fedora-clang 0.2.1 386.06 NOTE
r-devel-linux-x86_64-fedora-gcc 0.2.1 339.72 OK
r-devel-windows-ix86+x86_64 0.2.1 354.00 111.00 465.00 OK
r-patched-linux-x86_64 0.2.1 174.86 45.35 220.21 OK
r-patched-solaris-x86 0.2.1 283.10 OK
r-release-linux-x86_64 0.2.1 177.20 45.35 222.55 OK
r-release-osx-x86_64 0.2.1 NOTE
r-release-windows-ix86+x86_64 0.2.1 346.00 142.00 488.00 OK
r-oldrel-osx-x86_64 0.2.1 NOTE
r-oldrel-windows-ix86+x86_64 0.2.1 429.00 122.00 551.00 OK

Check Details

Version: 0.2.1
Check: installed package size
Result: NOTE
     installed size is 17.1Mb
     sub-directories of 1Mb or more:
     libs 16.5Mb
Flavors: r-devel-linux-x86_64-fedora-clang, r-release-osx-x86_64, r-oldrel-osx-x86_64