CRAN Package Check Results for Package intsurv

Last updated on 2019-12-06 00:49:59 CET.

Flavor Version Tinstall Tcheck Ttotal Status Flags
r-devel-linux-x86_64-debian-clang 0.2.0 188.43 45.68 234.11 OK
r-devel-linux-x86_64-debian-gcc 0.2.0 145.45 35.96 181.41 OK
r-devel-linux-x86_64-fedora-clang 0.2.0 335.61 NOTE
r-devel-linux-x86_64-fedora-gcc 0.2.0 317.49 OK
r-devel-windows-ix86+x86_64 0.2.0 320.00 113.00 433.00 OK
r-devel-windows-ix86+x86_64-gcc8 0.2.0 333.00 93.00 426.00 OK
r-patched-linux-x86_64 0.2.0 142.91 41.47 184.38 OK
r-patched-solaris-x86 0.2.0 247.90 OK
r-release-linux-x86_64 0.2.0 146.56 41.52 188.08 OK
r-release-windows-ix86+x86_64 0.2.0 417.00 89.00 506.00 OK
r-release-osx-x86_64 0.2.0 NOTE
r-oldrel-windows-ix86+x86_64 0.2.0 281.00 112.00 393.00 OK
r-oldrel-osx-x86_64 0.2.0 NOTE

Check Details

Version: 0.2.0
Check: installed package size
Result: NOTE
     installed size is 15.1Mb
     sub-directories of 1Mb or more:
     libs 14.7Mb
Flavors: r-devel-linux-x86_64-fedora-clang, r-release-osx-x86_64, r-oldrel-osx-x86_64