CRAN Package Check Results for Package ipsRdbs

Last updated on 2024-04-24 07:15:05 CEST.

Flavor Version Tinstall Tcheck Ttotal Status Flags
r-devel-linux-x86_64-debian-clang 1.0.0 6.89 197.00 203.89 OK
r-devel-linux-x86_64-debian-gcc 1.0.0 4.83 151.46 156.29 OK
r-devel-linux-x86_64-fedora-clang 1.0.0 283.04 NOTE
r-devel-linux-x86_64-fedora-gcc 1.0.0 279.09 OK
r-prerel-macos-arm64 1.0.0 61.00 NOTE
r-prerel-macos-x86_64 1.0.0 124.00 NOTE
r-prerel-windows-x86_64 1.0.0 8.00 120.00 128.00 NOTE
r-patched-linux-x86_64 1.0.0 6.40 188.65 195.05 OK
r-release-linux-x86_64 1.0.0 4.27 187.89 192.16 OK
r-release-macos-arm64 1.0.0 62.00 NOTE
r-release-macos-x86_64 1.0.0 109.00 NOTE
r-release-windows-x86_64 1.0.0 10.00 145.00 155.00 NOTE
r-oldrel-macos-arm64 1.0.0 64.00 NOTE
r-oldrel-windows-x86_64 1.0.0 9.00 149.00 158.00 NOTE

Check Details

Version: 1.0.0
Check: installed package size
Result: NOTE installed size is 5.7Mb sub-directories of 1Mb or more: doc 5.2Mb Flavors: r-devel-linux-x86_64-fedora-clang, r-prerel-macos-arm64, r-prerel-macos-x86_64, r-prerel-windows-x86_64, r-release-macos-arm64, r-release-macos-x86_64, r-release-windows-x86_64, r-oldrel-macos-arm64, r-oldrel-windows-x86_64