Last updated on 2021-01-25 00:48:00 CET.
Flavor | Version | Tinstall | Tcheck | Ttotal | Status | Flags |
---|---|---|---|---|---|---|
r-devel-linux-x86_64-debian-clang | 0.6.1 | 46.17 | 47.18 | 93.35 | OK | |
r-devel-linux-x86_64-debian-gcc | 0.6.1 | 33.10 | 36.74 | 69.84 | OK | |
r-devel-linux-x86_64-fedora-clang | 0.6.1 | 134.09 | NOTE | |||
r-devel-linux-x86_64-fedora-gcc | 0.6.1 | 117.73 | NOTE | |||
r-devel-windows-ix86+x86_64 | 0.6.1 | 116.00 | 92.00 | 208.00 | OK | |
r-patched-linux-x86_64 | 0.6.1 | 38.48 | 45.53 | 84.01 | OK | |
r-release-linux-x86_64 | 0.6.1 | 38.01 | 44.97 | 82.98 | OK | |
r-release-macos-x86_64 | 0.6.1 | NOTE | ||||
r-release-windows-ix86+x86_64 | 0.6.1 | 84.00 | 104.00 | 188.00 | OK | |
r-oldrel-macos-x86_64 | 0.6.1 | NOTE | ||||
r-oldrel-windows-ix86+x86_64 | 0.6.1 | 89.00 | 101.00 | 190.00 | OK |
Version: 0.6.1
Check: data for non-ASCII characters
Result: NOTE
Note: found 12 marked UTF-8 strings
Flavors: r-devel-linux-x86_64-fedora-clang, r-devel-linux-x86_64-fedora-gcc, r-release-macos-x86_64, r-oldrel-macos-x86_64