CRAN Package Check Results for Package ipumsr

Last updated on 2021-11-30 00:51:32 CET.

Flavor Version Tinstall Tcheck Ttotal Status Flags
r-devel-linux-x86_64-debian-clang 0.4.5 11.09 152.79 163.88 NOTE
r-devel-linux-x86_64-debian-gcc 0.4.5 9.72 115.63 125.35 NOTE
r-devel-linux-x86_64-fedora-clang 0.4.5 178.72 NOTE
r-devel-linux-x86_64-fedora-gcc 0.4.5 164.05 NOTE
r-devel-windows-x86_64-new-UL 0.4.5 29.00 227.00 256.00 NOTE
r-devel-windows-x86_64-new-TK 0.4.5 NOTE
r-devel-windows-x86_64-old 0.4.5 19.00 143.00 162.00 NOTE
r-patched-linux-x86_64 0.4.5 8.39 154.87 163.26 NOTE
r-patched-solaris-x86 0.4.5 205.20 NOTE
r-release-linux-x86_64 0.4.5 11.77 155.65 167.42 NOTE
r-release-macos-arm64 0.4.5 NOTE
r-release-macos-x86_64 0.4.5 NOTE
r-release-windows-ix86+x86_64 0.4.5 23.00 145.00 168.00 NOTE
r-oldrel-macos-x86_64 0.4.5 OK
r-oldrel-windows-ix86+x86_64 0.4.5 13.00 147.00 160.00 OK

Check Details

Version: 0.4.5
Check: LazyData
Result: NOTE
     'LazyData' is specified without a 'data' directory
Flavors: r-devel-linux-x86_64-debian-clang, r-devel-linux-x86_64-debian-gcc, r-devel-linux-x86_64-fedora-clang, r-devel-linux-x86_64-fedora-gcc, r-devel-windows-x86_64-new-UL, r-devel-windows-x86_64-new-TK, r-devel-windows-x86_64-old, r-patched-linux-x86_64, r-patched-solaris-x86, r-release-linux-x86_64, r-release-macos-arm64, r-release-macos-x86_64, r-release-windows-ix86+x86_64