CRAN Package Check Results for Package ipw

Last updated on 2021-09-23 01:49:41 CEST.

Flavor Version Tinstall Tcheck Ttotal Status Flags
r-devel-linux-x86_64-debian-clang 1.0-11 10.51 97.86 108.37 OK
r-devel-linux-x86_64-debian-gcc 1.0-11 8.58 74.23 82.81 OK
r-devel-linux-x86_64-fedora-clang 1.0-11 134.94 OK
r-devel-linux-x86_64-fedora-gcc 1.0-11 124.86 OK
r-devel-windows-x86_64 1.0-11 11.00 82.00 93.00 OK
r-devel-windows-x86_64-gcc10-UCRT 1.0-11 ERROR
r-patched-linux-x86_64 1.0-11 15.51 92.98 108.49 OK
r-patched-solaris-x86 1.0-11 190.90 OK
r-release-linux-x86_64 1.0-11 9.26 93.18 102.44 OK
r-release-macos-arm64 1.0-11 OK
r-release-macos-x86_64 1.0-11 OK
r-release-windows-ix86+x86_64 1.0-11 23.00 83.00 106.00 OK
r-oldrel-macos-x86_64 1.0-11 OK
r-oldrel-windows-ix86+x86_64 1.0-11 18.00 88.00 106.00 OK

Check Details

Version: 1.0-11
Check: PDF version of manual
Result: WARN
    LaTeX errors when creating PDF version.
    This typically indicates Rd problems.
Flavor: r-devel-windows-x86_64-gcc10-UCRT

Version: 1.0-11
Check: PDF version of manual without hyperrefs or index
Result: ERROR
    Re-running with no redirection of stdout/stderr.
Flavor: r-devel-windows-x86_64-gcc10-UCRT