CRAN Package Check Results for Package ir

Last updated on 2022-09-26 01:52:48 CEST.

Flavor Version Tinstall Tcheck Ttotal Status Flags
r-devel-linux-x86_64-debian-clang 0.2.1 12.65 237.87 250.52 NOTE
r-devel-linux-x86_64-debian-gcc 0.2.1 11.57 175.21 186.78 NOTE
r-devel-linux-x86_64-fedora-clang 0.2.1 300.04 NOTE
r-devel-linux-x86_64-fedora-gcc 0.2.1 297.63 NOTE
r-devel-windows-x86_64 0.2.1 42.00 283.00 325.00 NOTE
r-patched-linux-x86_64 0.2.1 9.77 187.58 197.35 OK
r-release-linux-x86_64 0.2.1 8.10 222.80 230.90 OK
r-release-macos-arm64 0.2.1 93.00 OK
r-release-macos-x86_64 0.2.1 146.00 OK
r-release-windows-x86_64 0.2.1 19.00 282.00 301.00 OK
r-oldrel-macos-arm64 0.2.1 90.00 OK
r-oldrel-macos-x86_64 0.2.1 120.00 OK
r-oldrel-windows-ix86+x86_64 0.2.1 29.00 281.00 310.00 OK

Check Details

Version: 0.2.1
Check: Rd files
Result: NOTE
    checkRd: (-1) ir_to_transmittance.Rd:49: Escaped LaTeX specials: \&
Flavors: r-devel-linux-x86_64-debian-clang, r-devel-linux-x86_64-debian-gcc, r-devel-linux-x86_64-fedora-clang, r-devel-linux-x86_64-fedora-gcc, r-devel-windows-x86_64