Last updated on 2023-01-27 00:51:05 CET.
Flavor | Version | Tinstall | Tcheck | Ttotal | Status | Flags |
---|---|---|---|---|---|---|
r-devel-linux-x86_64-debian-clang | 3.0.0 | 2.56 | 56.03 | 58.59 | NOTE | |
r-devel-linux-x86_64-debian-gcc | 3.0.0 | 1.98 | 43.54 | 45.52 | NOTE | |
r-devel-linux-x86_64-fedora-clang | 3.0.0 | 73.40 | NOTE | |||
r-devel-linux-x86_64-fedora-gcc | 3.0.0 | 73.58 | NOTE | |||
r-devel-windows-x86_64 | 3.0.0 | 42.00 | 123.00 | 165.00 | NOTE | |
r-patched-linux-x86_64 | 3.0.0 | 3.79 | 53.91 | 57.70 | OK | |
r-release-linux-x86_64 | 3.0.0 | 2.90 | 53.55 | 56.45 | OK | |
r-release-macos-arm64 | 3.0.0 | 28.00 | OK | |||
r-release-macos-x86_64 | 3.0.0 | 42.00 | OK | |||
r-release-windows-x86_64 | 3.0.0 | 42.00 | 118.00 | 160.00 | OK | |
r-oldrel-macos-arm64 | 3.0.0 | 27.00 | OK | |||
r-oldrel-macos-x86_64 | 3.0.0 | 45.00 | OK | |||
r-oldrel-windows-ix86+x86_64 | 3.0.0 | 8.00 | 91.00 | 99.00 | OK |
Version: 3.0.0
Check: Rd files
Result: NOTE
checkRd: (-1) pine.Rd:20: Escaped LaTeX specials: \&
Flavors: r-devel-linux-x86_64-debian-clang, r-devel-linux-x86_64-debian-gcc, r-devel-linux-x86_64-fedora-clang, r-devel-linux-x86_64-fedora-gcc, r-devel-windows-x86_64