CRAN Package Check Results for Package isoband

Last updated on 2019-10-15 01:50:22 CEST.

Flavor Version Tinstall Tcheck Ttotal Status Flags
r-devel-linux-x86_64-debian-clang 0.2.0 66.52 47.78 114.30 OK
r-devel-linux-x86_64-debian-gcc 0.2.0 59.68 38.19 97.87 OK
r-devel-linux-x86_64-fedora-clang 0.2.0 201.19 NOTE
r-devel-linux-x86_64-fedora-gcc 0.2.0 172.46 OK
r-devel-windows-ix86+x86_64 0.2.0 150.00 136.00 286.00 OK
r-patched-linux-x86_64 0.2.0 62.06 46.40 108.46 OK
r-patched-solaris-x86 0.2.0 139.20 OK
r-release-linux-x86_64 0.2.0 67.10 46.96 114.06 OK
r-release-windows-ix86+x86_64 0.2.0 187.00 85.00 272.00 OK
r-release-osx-x86_64 0.2.0 NOTE
r-oldrel-windows-ix86+x86_64 0.2.0 138.00 79.00 217.00 OK
r-oldrel-osx-x86_64 0.2.0 NOTE

Check Details

Version: 0.2.0
Check: installed package size
Result: NOTE
     installed size is 9.6Mb
     sub-directories of 1Mb or more:
     doc 1.1Mb
     libs 7.3Mb
Flavors: r-devel-linux-x86_64-fedora-clang, r-release-osx-x86_64, r-oldrel-osx-x86_64