CRAN Package Check Results for Package isotree

Last updated on 2020-04-07 01:52:47 CEST.

Flavor Version Tinstall Tcheck Ttotal Status Flags
r-devel-linux-x86_64-debian-clang 0.1.8 72.58 33.51 106.09 OK
r-devel-linux-x86_64-debian-gcc 0.1.8 44.96 26.27 71.23 OK
r-devel-linux-x86_64-fedora-clang 0.1.8 140.72 NOTE
r-devel-linux-x86_64-fedora-gcc 0.1.8 136.24 OK
r-devel-windows-ix86+x86_64 0.1.8 166.00 78.00 244.00 OK
r-devel-windows-ix86+x86_64-gcc8 0.1.8 128.00 78.00 206.00 OK
r-patched-linux-x86_64 0.1.8 58.24 32.72 90.96 OK
r-patched-solaris-x86 0.1.8 128.00 OK
r-release-linux-x86_64 0.1.8 52.63 30.95 83.58 OK
r-release-windows-ix86+x86_64 0.1.8 130.00 93.00 223.00 OK
r-release-osx-x86_64 0.1.8 NOTE
r-oldrel-windows-ix86+x86_64 0.1.8 157.00 75.00 232.00 OK
r-oldrel-osx-x86_64 0.1.8 OK

Additional issues

clang-UBSAN gcc-UBSAN valgrind

Check Details

Version: 0.1.8
Check: installed package size
Result: NOTE
     installed size is 6.4Mb
     sub-directories of 1Mb or more:
     libs 6.2Mb
Flavors: r-devel-linux-x86_64-fedora-clang, r-release-osx-x86_64