CRAN Package Check Results for Package isva

Last updated on 2021-04-18 01:49:23 CEST.

Flavor Version Tinstall Tcheck Ttotal Status Flags
r-devel-linux-x86_64-debian-clang 1.9 5.02 52.20 57.22 NOTE
r-devel-linux-x86_64-debian-gcc 1.9 4.31 39.59 43.90 NOTE
r-devel-linux-x86_64-fedora-clang 1.9 78.42 NOTE
r-devel-linux-x86_64-fedora-gcc 1.9 71.14 NOTE
r-devel-windows-ix86+x86_64 1.9 16.00 70.00 86.00 OK
r-devel-windows-x86_64-gcc10-UCRT 1.9 OK
r-patched-linux-x86_64 1.9 5.51 48.51 54.02 NOTE
r-patched-solaris-x86 1.9 103.40 NOTE
r-release-linux-x86_64 1.9 5.23 48.23 53.46 NOTE
r-release-macos-x86_64 1.9 OK
r-release-windows-ix86+x86_64 1.9 11.00 73.00 84.00 OK
r-oldrel-macos-x86_64 1.9 OK
r-oldrel-windows-ix86+x86_64 1.9 9.00 66.00 75.00 OK

Check Details

Version: 1.9
Check: for non-standard things in the check directory
Result: NOTE
    Found the following files/directories:
     'RMTplot.pdf'
Flavors: r-devel-linux-x86_64-debian-clang, r-devel-linux-x86_64-debian-gcc, r-devel-linux-x86_64-fedora-clang, r-devel-linux-x86_64-fedora-gcc, r-patched-linux-x86_64, r-patched-solaris-x86, r-release-linux-x86_64