Last updated on 2023-02-06 00:52:33 CET.
Flavor | Version | Tinstall | Tcheck | Ttotal | Status | Flags |
---|---|---|---|---|---|---|
r-devel-linux-x86_64-debian-clang | 0.6-1 | 4.80 | 77.78 | 82.58 | OK | |
r-devel-linux-x86_64-debian-gcc | 0.6-1 | 3.12 | 57.86 | 60.98 | OK | |
r-devel-linux-x86_64-fedora-clang | 0.6-1 | 102.87 | NOTE | |||
r-devel-linux-x86_64-fedora-gcc | 0.6-1 | 115.13 | OK | |||
r-devel-windows-x86_64 | 0.6-1 | 24.00 | 110.00 | 134.00 | NOTE | |
r-patched-linux-x86_64 | 0.6-1 | 11.70 | 72.70 | 84.40 | OK | |
r-release-linux-x86_64 | 0.6-1 | 4.93 | 71.12 | 76.05 | OK | |
r-release-macos-arm64 | 0.6-1 | 34.00 | NOTE | |||
r-release-macos-x86_64 | 0.6-1 | 58.00 | NOTE | |||
r-release-windows-x86_64 | 0.6-1 | 24.00 | 117.00 | 141.00 | NOTE | |
r-oldrel-macos-arm64 | 0.6-1 | 42.00 | NOTE | |||
r-oldrel-macos-x86_64 | 0.6-1 | 55.00 | NOTE | |||
r-oldrel-windows-ix86+x86_64 | 0.6-1 | 12.00 | 113.00 | 125.00 | NOTE |
Version: 0.6-1
Check: installed package size
Result: NOTE
installed size is 5.7Mb
sub-directories of 1Mb or more:
doc 5.4Mb
Flavors: r-devel-linux-x86_64-fedora-clang, r-devel-windows-x86_64, r-release-macos-arm64, r-release-macos-x86_64, r-release-windows-x86_64, r-oldrel-macos-arm64, r-oldrel-macos-x86_64, r-oldrel-windows-ix86+x86_64