CRAN Package Check Results for Package ivsacim

Last updated on 2021-07-24 01:50:06 CEST.

Flavor Version Tinstall Tcheck Ttotal Status Flags
r-devel-linux-x86_64-debian-clang 1.1 24.77 65.99 90.76 OK
r-devel-linux-x86_64-debian-gcc 1.1 17.19 51.66 68.85 OK
r-devel-linux-x86_64-fedora-clang 1.3 127.25 OK
r-devel-linux-x86_64-fedora-gcc 1.3 111.16 OK
r-devel-windows-x86_64 1.1 21.00 77.00 98.00 OK
r-devel-windows-x86_64-gcc10-UCRT 1.1 NOTE
r-patched-linux-x86_64 1.1 19.54 63.73 83.27 OK
r-patched-solaris-x86 1.3 136.10 OK
r-release-linux-x86_64 1.1 19.77 63.18 82.95 OK
r-release-macos-arm64 1.1 NOTE
r-release-macos-x86_64 1.1 NOTE
r-release-windows-ix86+x86_64 1.1 56.00 96.00 152.00 OK
r-oldrel-macos-x86_64 1.1 NOTE
r-oldrel-windows-ix86+x86_64 1.1 57.00 97.00 154.00 OK

Check Details

Version: 1.1
Check: dependencies in R code
Result: NOTE
    Namespace in Imports field not imported from: 'timereg'
     All declared Imports should be used.
Flavors: r-devel-windows-x86_64-gcc10-UCRT, r-release-macos-arm64, r-release-macos-x86_64, r-oldrel-macos-x86_64