CRAN Package Check Results for Package jarbes

Last updated on 2020-09-23 04:00:01 CEST.

Flavor Version Tinstall Tcheck Ttotal Status Flags
r-devel-linux-x86_64-debian-clang 1.7.2 3.19 30.51 33.70 OK
r-devel-linux-x86_64-debian-gcc 1.7.2 2.84 24.60 27.44 OK
r-devel-linux-x86_64-fedora-clang 1.7.2 50.29 NOTE
r-devel-linux-x86_64-fedora-gcc 1.7.2 40.57 NOTE
r-devel-windows-ix86+x86_64 1.7.2 8.00 49.00 57.00 OK
r-patched-linux-x86_64 1.7.2 3.12 30.27 33.39 OK
r-patched-solaris-x86 1.7.2 69.90 NOTE
r-release-linux-x86_64 1.7.2 3.28 29.98 33.26 OK
r-release-macos-x86_64 1.7.2 NOTE
r-release-windows-ix86+x86_64 1.7.2 17.00 51.00 68.00 OK
r-oldrel-macos-x86_64 1.7.2 NOTE
r-oldrel-windows-ix86+x86_64 1.7.2 5.00 51.00 56.00 OK

Check Details

Version: 1.7.2
Check: dependencies in R code
Result: NOTE
    Namespaces in Imports field not imported from:
     ‘MASS’ ‘ggExtra’ ‘ggplot2’ ‘grid’ ‘gridExtra’ ‘mcmcplots’
     All declared Imports should be used.
Flavors: r-devel-linux-x86_64-fedora-clang, r-devel-linux-x86_64-fedora-gcc, r-patched-solaris-x86, r-release-macos-x86_64, r-oldrel-macos-x86_64