CRAN Package Check Results for Package jetpack

Last updated on 2022-07-03 01:48:57 CEST.

Flavor Version Tinstall Tcheck Ttotal Status Flags
r-devel-linux-x86_64-debian-clang 0.5.2 3.15 170.02 173.17 OK
r-devel-linux-x86_64-debian-gcc 0.5.2 2.25 125.20 127.45 OK
r-devel-linux-x86_64-fedora-clang 0.5.2 179.74 OK
r-devel-linux-x86_64-fedora-gcc 0.5.2 167.07 OK
r-devel-windows-x86_64 0.5.2 20.00 272.00 292.00 OK
r-patched-linux-x86_64 0.5.2 3.16 191.26 194.42 OK
r-release-linux-x86_64 0.5.2 2.94 161.86 164.80 OK
r-release-macos-arm64 0.5.2 77.00 OK
r-release-macos-x86_64 0.5.2 67.00 OK
r-release-windows-x86_64 0.5.2 19.00 174.00 193.00 OK
r-oldrel-macos-arm64 0.5.2 44.00 OK
r-oldrel-macos-x86_64 0.5.2 60.00 OK
r-oldrel-windows-ix86+x86_64 0.5.2 6.00 109.00 115.00 ERROR

Check Details

Version: 0.5.2
Check: tests
Result: ERROR
     Running 'testthat.R' [67s]
    Running the tests in 'tests/testthat.R' failed.
    Complete output:
     > library(testthat)
     > library(jetpack)
    
     Attaching package: 'jetpack'
    
     The following object is masked from 'package:stats':
    
     update
    
     The following objects are masked from 'package:base':
    
     load, remove
    
     >
     > test_check("jetpack")
     Run 'jetpack add <package>' to add packages!
     trying URL 'https://cloud.r-project.org/bin/windows/contrib/4.1/DBI_1.1.3.zip'
     Content type 'application/zip' length 762957 bytes (745 KB)
     ==================================================
     downloaded 745 KB
    
     package 'DBI' successfully unpacked and MD5 sums checked
    
     The downloaded binary packages are in
     D:\temp\Rtmp2HFZtX\downloaded_packages
     Pack complete!
     All dependencies are satisfied
     Pack complete!
     Pack complete!
     trying URL 'https://cloud.r-project.org/bin/windows/contrib/4.1/DBI_1.1.3.zip'
     Content type 'application/zip' length 762957 bytes (745 KB)
     ==================================================
     downloaded 745 KB
    
     package 'DBI' successfully unpacked and MD5 sums checked
    
     The downloaded binary packages are in
     D:\temp\Rtmp2HFZtX\downloaded_packages
     Updated DBI to 1.1.3 (was 1.1.3)
     Removed DBI!
     Pack complete!
     Run 'jetpack add <package>' to add packages!
     Install Jetpack to use a virtual environment for this project
     * installing *source* package 'DBI' ...
     ** package 'DBI' successfully unpacked and MD5 sums checked
     ** using staged installation
     ** R
     ** inst
     ** byte-compile and prepare package for lazy loading
     ** help
     *** installing help indices
     ** building package indices
     ** installing vignettes
     ** testing if installed package can be loaded from temporary location
     *** arch - i386
     *** arch - x64
     ** testing if installed package can be loaded from final location
     *** arch - i386
     *** arch - x64
     ** testing if installed package keeps a record of temporary installation path
     * DONE (DBI)
     Pack complete!
     DBI (1.1.1 -> 1.1.3) [CRAN]
     trying URL 'https://cloud.r-project.org/bin/windows/contrib/4.1/DBI_1.1.3.zip'
     Content type 'application/zip' length 762957 bytes (745 KB)
     ==================================================
     downloaded 745 KB
    
     package 'DBI' successfully unpacked and MD5 sums checked
    
     The downloaded binary packages are in
     D:\temp\Rtmp2HFZtX\downloaded_packages
     Updated DBI to 1.1.3 (was 1.1.1)
     [ FAIL 4 | WARN 1 | SKIP 2 | PASS 17 ]
    
     == Skipped tests ===============================================================
     * !identical(Sys.getenv("TEST_JETPACK_GLOBAL"), "true") is TRUE (1)
     * On CRAN (1)
    
     == Failed tests ================================================================
     -- Failure (test-cli.R:5:3): it works ------------------------------------------
     DESCRIPTION does not exist
     Backtrace:
     x
     1. +-jetpack:::setup(...) at test-cli.R:5:2
     2. | \-withr::with_dir(app_dir, code) at d:\RCompile\CRANpkg\local\4.1\jetpack.Rcheck\tests\testthat\helper-setup.R:19:2
     3. | \-base::force(code)
     4. \-jetpack:::expectFile("DESCRIPTION") at test-cli.R:10:4
     -- Failure (test-cli.R:5:3): it works ------------------------------------------
     renv.lock does not exist
     Backtrace:
     x
     1. +-jetpack:::setup(...) at test-cli.R:5:2
     2. | \-withr::with_dir(app_dir, code) at d:\RCompile\CRANpkg\local\4.1\jetpack.Rcheck\tests\testthat\helper-setup.R:19:2
     3. | \-base::force(code)
     4. \-jetpack:::expectFile("renv.lock") at test-cli.R:11:4
     -- Failure (test-cli.R:5:3): it works ------------------------------------------
     .Rprofile does not exist
     Backtrace:
     x
     1. +-jetpack:::setup(...) at test-cli.R:5:2
     2. | \-withr::with_dir(app_dir, code) at d:\RCompile\CRANpkg\local\4.1\jetpack.Rcheck\tests\testthat\helper-setup.R:19:2
     3. | \-base::force(code)
     4. \-jetpack:::expectFile(".Rprofile") at test-cli.R:12:4
     -- Error (test-cli.R:5:3): it works --------------------------------------------
     Error in `file(con, "r")`: cannot open the connection
     Backtrace:
     x
     1. +-jetpack:::setup(...) at test-cli.R:5:2
     2. | \-withr::with_dir(app_dir, code) at d:\RCompile\CRANpkg\local\4.1\jetpack.Rcheck\tests\testthat\helper-setup.R:19:2
     3. | \-base::force(code)
     4. \-jetpack:::expectFileContains("DESCRIPTION", "DBI") at test-cli.R:15:4
     5. +-jetpack:::expectContains(readFile(name), str) at d:\RCompile\CRANpkg\local\4.1\jetpack.Rcheck\tests\testthat\helper-expectations.R:22:2
     6. | +-testthat::expect(...) at d:\RCompile\CRANpkg\local\4.1\jetpack.Rcheck\tests\testthat\helper-expectations.R:10:2
     7. | \-jetpack:::contains(name, str)
     8. | \-base::grepl(x, str, fixed = TRUE) at d:\RCompile\CRANpkg\local\4.1\jetpack.Rcheck\tests\testthat\helper-expectations.R:2:2
     9. | \-base::is.factor(x)
     10. \-jetpack:::readFile(name)
     11. +-base::paste(readLines(file), collapse = "") at d:\RCompile\CRANpkg\local\4.1\jetpack.Rcheck\tests\testthat\helper-expectations.R:6:2
     12. \-base::readLines(file)
     13. \-base::file(con, "r")
    
     [ FAIL 4 | WARN 1 | SKIP 2 | PASS 17 ]
     Error: Test failures
     Execution halted
Flavor: r-oldrel-windows-ix86+x86_64