Last updated on 2023-10-01 08:52:01 CEST.
Flavor | Version | Tinstall | Tcheck | Ttotal | Status | Flags |
---|---|---|---|---|---|---|
r-devel-linux-x86_64-debian-clang | 0.0.10 | 3.06 | 69.15 | 72.21 | NOTE | |
r-devel-linux-x86_64-debian-gcc | 0.0.10 | 2.04 | 53.57 | 55.61 | NOTE | |
r-devel-linux-x86_64-fedora-clang | 0.0.10 | 89.38 | NOTE | |||
r-devel-linux-x86_64-fedora-gcc | 0.0.10 | 103.02 | NOTE | |||
r-devel-windows-x86_64 | 0.0.10 | 5.00 | 77.00 | 82.00 | NOTE | |
r-patched-linux-x86_64 | 0.0.10 | 2.78 | 68.23 | 71.01 | NOTE | |
r-release-linux-x86_64 | 0.0.10 | 2.94 | 69.69 | 72.63 | NOTE | |
r-release-macos-arm64 | 0.0.10 | 42.00 | NOTE | |||
r-release-macos-x86_64 | 0.0.10 | 57.00 | NOTE | |||
r-release-windows-x86_64 | 0.0.10 | 5.00 | 90.00 | 95.00 | NOTE | |
r-oldrel-macos-arm64 | 0.0.10 | 32.00 | NOTE | |||
r-oldrel-macos-x86_64 | 0.0.10 | 43.00 | NOTE | |||
r-oldrel-windows-x86_64 | 0.0.10 | 4.00 | 89.00 | 93.00 | NOTE |
Version: 0.0.10
Check: package dependencies
Result: NOTE
Package which this enhances but not available for checking: ‘remMap’
Flavors: r-devel-linux-x86_64-debian-clang, r-devel-linux-x86_64-debian-gcc, r-devel-linux-x86_64-fedora-clang, r-devel-linux-x86_64-fedora-gcc, r-devel-windows-x86_64, r-patched-linux-x86_64, r-release-linux-x86_64, r-release-macos-arm64, r-release-windows-x86_64, r-oldrel-macos-arm64, r-oldrel-windows-x86_64
Version: 0.0.10
Check: package dependencies
Result: NOTE
Packages which this enhances but not available for checking:
'remMap', 'mcen', 'RMTL'
Flavor: r-release-macos-x86_64
Version: 0.0.10
Check: package dependencies
Result: NOTE
Packages which this enhances but not available for checking:
'remMap', 'MultivariateRandomForest'
Flavor: r-oldrel-macos-x86_64