Last updated on 2023-03-30 06:53:18 CEST.
Flavor | Version | Tinstall | Tcheck | Ttotal | Status | Flags |
---|---|---|---|---|---|---|
r-devel-linux-x86_64-debian-clang | 1.0.2 | 10.86 | 81.48 | 92.34 | OK | |
r-devel-linux-x86_64-debian-gcc | 1.0.2 | 7.14 | 63.39 | 70.53 | OK | |
r-devel-linux-x86_64-fedora-clang | 1.0.2 | 122.77 | OK | |||
r-devel-linux-x86_64-fedora-gcc | 1.0.2 | 120.86 | OK | |||
r-devel-windows-x86_64 | 1.0.2 | 50.00 | 0.00 | 50.00 | OK | |
r-patched-linux-x86_64 | 1.0.2 | 10.68 | 79.36 | 90.04 | OK | |
r-release-linux-x86_64 | 1.0.2 | 8.42 | 77.34 | 85.76 | OK | |
r-release-macos-arm64 | 1.0.2 | 51.00 | NOTE | |||
r-release-macos-x86_64 | 1.0.2 | 54.00 | OK | |||
r-release-windows-x86_64 | 1.0.2 | 53.00 | 145.00 | 198.00 | OK | |
r-oldrel-macos-arm64 | 1.0.2 | 61.00 | NOTE | |||
r-oldrel-macos-x86_64 | 1.0.2 | 79.00 | OK | |||
r-oldrel-windows-ix86+x86_64 | 1.0.2 | 22.00 | 176.00 | 198.00 | OK |
Version: 1.0.2
Check: package dependencies
Result: NOTE
Package suggested but not available for checking: ‘PSCBS’
Flavors: r-release-macos-arm64, r-oldrel-macos-arm64
Version: 1.0.2
Check: Rd cross-references
Result: NOTE
Package unavailable to check Rd xrefs: ‘PSCBS’
Flavors: r-release-macos-arm64, r-oldrel-macos-arm64