CRAN Package Check Results for Package josaplay

Last updated on 2021-04-18 01:49:23 CEST.

Flavor Version Tinstall Tcheck Ttotal Status Flags
r-devel-linux-x86_64-debian-clang 0.1.3 1.86 21.42 23.28 NOTE
r-devel-linux-x86_64-debian-gcc 0.1.3 1.35 17.06 18.41 NOTE
r-devel-linux-x86_64-fedora-clang 0.1.3 38.67 NOTE
r-devel-linux-x86_64-fedora-gcc 0.1.3 28.29 NOTE
r-devel-windows-ix86+x86_64 0.1.3 5.00 37.00 42.00 NOTE
r-devel-windows-x86_64-gcc10-UCRT 0.1.3 NOTE
r-patched-linux-x86_64 0.1.3 1.63 20.84 22.47 OK
r-patched-solaris-x86 0.1.3 44.90 OK
r-release-linux-x86_64 0.1.3 1.72 20.75 22.47 OK
r-release-macos-x86_64 0.1.3 OK
r-release-windows-ix86+x86_64 0.1.3 6.00 36.00 42.00 OK
r-oldrel-macos-x86_64 0.1.3 OK
r-oldrel-windows-ix86+x86_64 0.1.3 3.00 34.00 37.00 OK

Check Details

Version: 0.1.3
Check: LazyData
Result: NOTE
     'LazyData' is specified without a 'data' directory
Flavors: r-devel-linux-x86_64-debian-clang, r-devel-linux-x86_64-debian-gcc, r-devel-linux-x86_64-fedora-clang, r-devel-linux-x86_64-fedora-gcc, r-devel-windows-ix86+x86_64, r-devel-windows-x86_64-gcc10-UCRT