Last updated on 2023-12-01 07:50:08 CET.
Flavor | Version | Tinstall | Tcheck | Ttotal | Status | Flags |
---|---|---|---|---|---|---|
r-devel-linux-x86_64-debian-clang | 0.3.1 | 11.13 | 79.40 | 90.53 | OK | |
r-devel-linux-x86_64-debian-gcc | 0.3.1 | 8.21 | 57.63 | 65.84 | OK | |
r-devel-linux-x86_64-fedora-clang | 0.3.1 | 115.63 | NOTE | |||
r-devel-linux-x86_64-fedora-gcc | 0.3.1 | 109.90 | NOTE | |||
r-devel-windows-x86_64 | 0.3.1 | 11.00 | 71.00 | 82.00 | OK | |
r-patched-linux-x86_64 | 0.3.1 | 7.00 | 72.45 | 79.45 | OK | |
r-release-linux-x86_64 | 0.3.1 | 7.18 | 72.32 | 79.50 | OK | |
r-release-macos-arm64 | 0.3.1 | 35.00 | OK | |||
r-release-macos-x86_64 | 0.3.1 | 56.00 | OK | |||
r-release-windows-x86_64 | 0.3.1 | 13.00 | 85.00 | 98.00 | OK | |
r-oldrel-macos-arm64 | 0.3.1 | 38.00 | OK | |||
r-oldrel-macos-x86_64 | 0.3.1 | 51.00 | OK | |||
r-oldrel-windows-x86_64 | 0.3.1 | 16.00 | 100.00 | 116.00 | OK |
Version: 0.3.1
Check: data for non-ASCII characters
Result: NOTE
Note: found 925830 marked UTF-8 strings
Flavors: r-devel-linux-x86_64-fedora-clang, r-devel-linux-x86_64-fedora-gcc