CRAN Package Check Results for Package jpmesh

Last updated on 2020-08-03 01:49:16 CEST.

Flavor Version Tinstall Tcheck Ttotal Status Flags
r-devel-linux-x86_64-debian-clang 1.2.1 47.92 283.59 331.51 OK
r-devel-linux-x86_64-debian-gcc 1.2.1 37.08 205.70 242.78 OK
r-devel-linux-x86_64-fedora-clang 1.2.1 386.00 NOTE
r-devel-linux-x86_64-fedora-gcc 1.2.1 381.38 NOTE
r-devel-windows-ix86+x86_64 1.2.1 89.00 267.00 356.00 OK
r-patched-linux-x86_64 1.2.1 42.67 265.76 308.43 OK
r-patched-solaris-x86 1.2.1 533.20 NOTE
r-release-linux-x86_64 1.2.1 36.20 271.76 307.96 OK
r-release-macos-x86_64 1.2.1 NOTE
r-release-windows-ix86+x86_64 1.2.1 107.00 289.00 396.00 OK
r-oldrel-macos-x86_64 1.2.1 NOTE
r-oldrel-windows-ix86+x86_64 1.2.1 67.00 252.00 319.00 OK

Check Details

Version: 1.2.1
Check: data for non-ASCII characters
Result: NOTE
     Note: found 176 marked UTF-8 strings
Flavors: r-devel-linux-x86_64-fedora-clang, r-devel-linux-x86_64-fedora-gcc, r-patched-solaris-x86, r-release-macos-x86_64, r-oldrel-macos-x86_64