CRAN Package Check Results for Package jpmesh

Last updated on 2020-05-30 02:02:36 CEST.

Flavor Version Tinstall Tcheck Ttotal Status Flags
r-devel-linux-x86_64-debian-clang 1.2.1 45.79 307.43 353.22 OK
r-devel-linux-x86_64-debian-gcc 1.2.1 41.81 228.58 270.39 OK
r-devel-linux-x86_64-fedora-clang 1.2.1 432.51 NOTE
r-devel-linux-x86_64-fedora-gcc 1.2.1 412.16 NOTE
r-devel-windows-ix86+x86_64 1.2.1 81.00 386.00 467.00 OK
r-patched-linux-x86_64 1.2.1 44.11 296.48 340.59 OK
r-patched-solaris-x86 1.2.1 561.40 NOTE
r-release-linux-x86_64 1.2.1 40.79 294.42 335.21 OK
r-release-osx-x86_64 1.2.1 NOTE
r-release-windows-ix86+x86_64 1.2.1 71.00 445.00 516.00 OK
r-oldrel-osx-x86_64 1.2.1 NOTE
r-oldrel-windows-ix86+x86_64 1.2.1 69.00 325.00 394.00 OK

Check Details

Version: 1.2.1
Check: data for non-ASCII characters
Result: NOTE
     Note: found 176 marked UTF-8 strings
Flavors: r-devel-linux-x86_64-fedora-clang, r-devel-linux-x86_64-fedora-gcc, r-patched-solaris-x86, r-release-osx-x86_64, r-oldrel-osx-x86_64