CRAN Package Check Results for Package jsmodule

Last updated on 2021-10-22 01:55:08 CEST.

Flavor Version Tinstall Tcheck Ttotal Status Flags
r-devel-linux-x86_64-debian-clang 1.2.0 34.08 217.60 251.68 OK
r-devel-linux-x86_64-debian-gcc 1.2.0 29.57 162.58 192.15 OK
r-devel-linux-x86_64-fedora-clang 1.2.0 319.16 NOTE
r-devel-linux-x86_64-fedora-gcc 1.2.0 308.54 NOTE
r-devel-windows-x86_64 1.2.0 53.00 276.00 329.00 OK
r-devel-windows-x86_64-gcc10-UCRT 1.2.0 NOTE
r-patched-linux-x86_64 1.2.0 31.47 208.51 239.98 OK
r-patched-solaris-x86 1.2.0 361.30 NOTE
r-release-linux-x86_64 1.2.0 32.38 207.62 240.00 OK
r-release-macos-arm64 1.1.9 NOTE
r-release-macos-x86_64 1.2.0 NOTE
r-release-windows-ix86+x86_64 1.2.0 52.00 191.00 243.00 OK
r-oldrel-macos-x86_64 1.2.0 NOTE
r-oldrel-windows-ix86+x86_64 1.2.0 49.00 188.00 237.00 OK

Check Details

Version: 1.2.0
Check: package dependencies
Result: NOTE
    Imports includes 32 non-default packages.
    Importing from so many packages makes the package vulnerable to any of
    them becoming unavailable. Move as many as possible to Suggests and
    use conditionally.
Flavor: r-devel-linux-x86_64-fedora-clang

Version: 1.2.0
Check: dependencies in R code
Result: NOTE
    Namespaces in Imports field not imported from:
     ‘devEMF’ ‘survC1’
     All declared Imports should be used.
Flavors: r-devel-linux-x86_64-fedora-clang, r-devel-linux-x86_64-fedora-gcc, r-devel-windows-x86_64-gcc10-UCRT, r-patched-solaris-x86, r-release-macos-x86_64, r-oldrel-macos-x86_64

Version: 1.1.9
Check: dependencies in R code
Result: NOTE
    Namespaces in Imports field not imported from:
     ‘devEMF’ ‘survC1’
     All declared Imports should be used.
Flavor: r-release-macos-arm64