Last updated on 2023-10-02 07:56:29 CEST.
Flavor | Version | Tinstall | Tcheck | Ttotal | Status | Flags |
---|---|---|---|---|---|---|
r-devel-linux-x86_64-debian-clang | 1.4.2 | 39.09 | 241.85 | 280.94 | OK | |
r-devel-linux-x86_64-debian-gcc | 1.4.2 | 31.31 | 186.53 | 217.84 | OK | |
r-devel-linux-x86_64-fedora-clang | 1.4.2 | 354.90 | NOTE | |||
r-devel-linux-x86_64-fedora-gcc | 1.4.2 | 385.90 | OK | |||
r-devel-windows-x86_64 | 1.4.2 | 34.00 | 206.00 | 240.00 | OK | |
r-patched-linux-x86_64 | 1.4.2 | 40.17 | 242.89 | 283.06 | OK | |
r-release-linux-x86_64 | 1.4.2 | 40.45 | 241.56 | 282.01 | OK | |
r-release-macos-arm64 | 1.4.2 | 62.00 | OK | |||
r-release-macos-x86_64 | 1.4.2 | 118.00 | OK | |||
r-release-windows-x86_64 | 1.4.2 | 51.00 | 260.00 | 311.00 | OK | |
r-oldrel-macos-arm64 | 1.4.2 | 67.00 | OK | |||
r-oldrel-macos-x86_64 | 1.4.2 | 131.00 | OK | |||
r-oldrel-windows-x86_64 | 1.4.2 | 47.00 | 255.00 | 302.00 | OK |
Version: 1.4.2
Check: package dependencies
Result: NOTE
Imports includes 30 non-default packages.
Importing from so many packages makes the package vulnerable to any of
them becoming unavailable. Move as many as possible to Suggests and
use conditionally.
Flavor: r-devel-linux-x86_64-fedora-clang