CRAN Package Check Results for Package jsonvalidate

Last updated on 2021-10-22 01:55:08 CEST.

Flavor Version Tinstall Tcheck Ttotal Status Flags
r-devel-linux-x86_64-debian-clang 1.1.0 2.92 34.12 37.04 NOTE
r-devel-linux-x86_64-debian-gcc 1.1.0 2.03 27.36 29.39 NOTE
r-devel-linux-x86_64-fedora-clang 1.1.0 57.53 NOTE
r-devel-linux-x86_64-fedora-gcc 1.1.0 46.26 NOTE
r-devel-windows-x86_64 1.1.0 7.00 70.00 77.00 NOTE
r-devel-windows-x86_64-gcc10-UCRT 1.1.0 NOTE
r-patched-linux-x86_64 1.1.0 2.59 33.64 36.23 NOTE
r-patched-solaris-x86 1.1.0 69.20 NOTE
r-release-linux-x86_64 1.1.0 2.73 33.52 36.25 NOTE
r-release-macos-arm64 1.1.0 NOTE
r-release-macos-x86_64 1.1.0 NOTE
r-release-windows-ix86+x86_64 1.1.0 8.00 67.00 75.00 NOTE
r-oldrel-macos-x86_64 1.1.0 OK
r-oldrel-windows-ix86+x86_64 1.1.0 12.00 74.00 86.00 OK

Check Details

Version: 1.1.0
Check: LazyData
Result: NOTE
     'LazyData' is specified without a 'data' directory
Flavors: r-devel-linux-x86_64-debian-clang, r-devel-linux-x86_64-debian-gcc, r-devel-linux-x86_64-fedora-clang, r-devel-linux-x86_64-fedora-gcc, r-devel-windows-x86_64, r-devel-windows-x86_64-gcc10-UCRT, r-patched-linux-x86_64, r-patched-solaris-x86, r-release-linux-x86_64, r-release-macos-arm64, r-release-macos-x86_64, r-release-windows-ix86+x86_64