CRAN Package Check Results for Package jtools

Last updated on 2020-03-30 02:48:33 CEST.

Flavor Version Tinstall Tcheck Ttotal Status Flags
r-devel-linux-x86_64-debian-clang 2.0.3 OK
r-devel-linux-x86_64-debian-gcc 2.0.3 9.25 141.46 150.71 OK
r-devel-linux-x86_64-fedora-clang 2.0.3 191.20 OK
r-devel-linux-x86_64-fedora-gcc 2.0.3 185.34 OK
r-devel-windows-ix86+x86_64 2.0.2 21.00 158.00 179.00 OK
r-devel-windows-ix86+x86_64-gcc8 2.0.3 22.00 171.00 193.00 OK
r-patched-linux-x86_64 2.0.3 10.87 173.30 184.17 NOTE
r-patched-solaris-x86 2.0.3 259.90 OK
r-release-linux-x86_64 2.0.3 9.41 165.98 175.39 OK
r-release-windows-ix86+x86_64 2.0.3 37.00 241.00 278.00 OK
r-release-osx-x86_64 2.0.3 OK
r-oldrel-windows-ix86+x86_64 2.0.3 17.00 198.00 215.00 WARN
r-oldrel-osx-x86_64 2.0.3 WARN

Check Details

Version: 2.0.3
Check: package dependencies
Result: NOTE
    Package which this enhances but not available for checking: ‘rstanarm’
Flavor: r-patched-linux-x86_64

Version: 2.0.3
Check: for missing documentation entries
Result: WARN
    Undocumented code objects:
     'tidy.glht' 'tidy.summary.glht'
    All user-level objects in a package should have documentation entries.
    See chapter 'Writing R documentation files' in the 'Writing R
    Extensions' manual.
Flavors: r-oldrel-windows-ix86+x86_64, r-oldrel-osx-x86_64