Last updated on 2023-01-29 00:53:38 CET.
Flavor | Version | Tinstall | Tcheck | Ttotal | Status | Flags |
---|---|---|---|---|---|---|
r-devel-linux-x86_64-debian-clang | 2.0.3 | 67.09 | 141.95 | 209.04 | OK | |
r-devel-linux-x86_64-debian-gcc | 2.0.3 | 48.01 | 124.89 | 172.90 | NOTE | |
r-devel-linux-x86_64-fedora-clang | 2.0.3 | 282.47 | OK | |||
r-devel-linux-x86_64-fedora-gcc | 2.0.3 | 306.80 | NOTE | |||
r-devel-windows-x86_64 | 2.0.3 | 91.00 | 206.00 | 297.00 | OK | |
r-patched-linux-x86_64 | 2.0.3 | 57.65 | 158.44 | 216.09 | OK | |
r-release-linux-x86_64 | 2.0.3 | 42.30 | 157.54 | 199.84 | OK | |
r-release-macos-arm64 | 2.0.3 | 83.00 | OK | |||
r-release-macos-x86_64 | 2.0.3 | 118.00 | OK | |||
r-release-windows-x86_64 | 2.0.3 | 73.00 | 216.00 | 289.00 | OK | |
r-oldrel-macos-arm64 | 2.0.3 | 96.00 | OK | |||
r-oldrel-macos-x86_64 | 2.0.3 | 98.00 | OK | |||
r-oldrel-windows-ix86+x86_64 | 2.0.3 | 169.00 | 249.00 | 418.00 | OK |
Version: 2.0.3
Check: C++ specification
Result: NOTE
Specified C++14: please update to current default of C++17
Flavors: r-devel-linux-x86_64-debian-gcc, r-devel-linux-x86_64-fedora-gcc