CRAN Package Check Results for Package kappalab

Last updated on 2020-02-29 01:51:11 CET.

Flavor Version Tinstall Tcheck Ttotal Status Flags
r-devel-linux-x86_64-debian-clang 0.4-7 14.51 99.21 113.72 NOTE
r-devel-linux-x86_64-debian-gcc 0.4-7 12.03 76.77 88.80 NOTE
r-devel-linux-x86_64-fedora-clang 0.4-7 137.78 NOTE
r-devel-linux-x86_64-fedora-gcc 0.4-7 133.61 NOTE
r-devel-windows-ix86+x86_64 0.4-7 33.00 172.00 205.00 OK
r-devel-windows-ix86+x86_64-gcc8 0.4-7 35.00 178.00 213.00 OK
r-patched-linux-x86_64 0.4-7 10.08 87.64 97.72 OK
r-patched-solaris-x86 0.4-7 181.00 OK
r-release-linux-x86_64 0.4-7 11.31 86.91 98.22 OK
r-release-windows-ix86+x86_64 0.4-7 49.00 251.00 300.00 OK
r-release-osx-x86_64 0.4-7 OK
r-oldrel-windows-ix86+x86_64 0.4-7 34.00 210.00 244.00 OK
r-oldrel-osx-x86_64 0.4-7 OK

Check Details

Version: 0.4-7
Check: for non-standard things in the check directory
Result: NOTE
    Found the following files/directories:
     'my.Mobius.set.func.csv' 'my.card.set.func.csv' 'my.set.func.csv'
Flavors: r-devel-linux-x86_64-debian-clang, r-devel-linux-x86_64-debian-gcc, r-devel-linux-x86_64-fedora-clang, r-devel-linux-x86_64-fedora-gcc

Version: 0.4-7
Check: compiled code
Result: NOTE
    File ‘kappalab/libs/kappalab.so’:
     Found no calls to: ‘R_registerRoutines’, ‘R_useDynamicSymbols’
    
    It is good practice to register native routines and to disable symbol
    search.
    
    See ‘Writing portable packages’ in the ‘Writing R Extensions’ manual.
Flavors: r-devel-linux-x86_64-fedora-clang, r-devel-linux-x86_64-fedora-gcc