CRAN Package Check Results for Package kdtools

Last updated on 2020-09-22 02:17:23 CEST.

Flavor Version Tinstall Tcheck Ttotal Status Flags
r-devel-linux-x86_64-debian-clang 0.4.2 243.43 142.68 386.11 OK
r-devel-linux-x86_64-debian-gcc 0.4.2 88.00 95.59 183.59 OK
r-devel-linux-x86_64-fedora-clang 0.4.2 336.65 NOTE
r-devel-linux-x86_64-fedora-gcc 0.4.2 327.14 OK
r-devel-windows-ix86+x86_64 0.4.2 196.00 161.00 357.00 NOTE
r-patched-linux-x86_64 0.4.2 87.03 116.43 203.46 OK
r-patched-solaris-x86 0.4.2 374.20 OK
r-release-linux-x86_64 0.4.2 87.47 118.12 205.59 OK
r-release-macos-x86_64 0.4.2 NOTE
r-release-windows-ix86+x86_64 0.4.2 191.00 189.00 380.00 NOTE
r-oldrel-macos-x86_64 0.4.2 NOTE
r-oldrel-windows-ix86+x86_64 0.4.2 151.00 152.00 303.00 NOTE

Check Details

Version: 0.4.2
Check: installed package size
Result: NOTE
     installed size is 18.0Mb
     sub-directories of 1Mb or more:
     libs 16.7Mb
Flavors: r-devel-linux-x86_64-fedora-clang, r-devel-windows-ix86+x86_64, r-release-macos-x86_64, r-release-windows-ix86+x86_64, r-oldrel-macos-x86_64, r-oldrel-windows-ix86+x86_64