CRAN Package Check Results for Package kendallRandomWalks

Last updated on 2021-09-23 01:49:42 CEST.

Flavor Version Tinstall Tcheck Ttotal Status Flags
r-devel-linux-x86_64-debian-clang 0.9.4 5.21 152.59 157.80 NOTE
r-devel-linux-x86_64-debian-gcc 0.9.4 4.33 107.34 111.67 NOTE
r-devel-linux-x86_64-fedora-clang 0.9.4 183.53 NOTE
r-devel-linux-x86_64-fedora-gcc 0.9.4 177.47 NOTE
r-devel-windows-x86_64 0.9.4 7.00 131.00 138.00 NOTE
r-devel-windows-x86_64-gcc10-UCRT 0.9.4 ERROR
r-patched-linux-x86_64 0.9.4 6.07 145.29 151.36 NOTE
r-patched-solaris-x86 0.9.4 234.90 NOTE
r-release-linux-x86_64 0.9.4 4.83 144.00 148.83 NOTE
r-release-macos-arm64 0.9.4 NOTE
r-release-macos-x86_64 0.9.4 NOTE
r-release-windows-ix86+x86_64 0.9.4 18.00 129.00 147.00 NOTE
r-oldrel-macos-x86_64 0.9.4 OK
r-oldrel-windows-ix86+x86_64 0.9.4 10.00 143.00 153.00 OK

Check Details

Version: 0.9.4
Check: LazyData
Result: NOTE
     'LazyData' is specified without a 'data' directory
Flavors: r-devel-linux-x86_64-debian-clang, r-devel-linux-x86_64-debian-gcc, r-devel-linux-x86_64-fedora-clang, r-devel-linux-x86_64-fedora-gcc, r-devel-windows-x86_64, r-devel-windows-x86_64-gcc10-UCRT, r-patched-linux-x86_64, r-patched-solaris-x86, r-release-linux-x86_64, r-release-macos-arm64, r-release-macos-x86_64, r-release-windows-ix86+x86_64

Version: 0.9.4
Check: PDF version of manual
Result: WARN
    LaTeX errors when creating PDF version.
    This typically indicates Rd problems.
Flavor: r-devel-windows-x86_64-gcc10-UCRT

Version: 0.9.4
Check: PDF version of manual without hyperrefs or index
Result: ERROR
    Re-running with no redirection of stdout/stderr.
Flavor: r-devel-windows-x86_64-gcc10-UCRT