CRAN Package Check Results for Package keyATM

Last updated on 2021-03-03 01:48:47 CET.

Flavor Version Tinstall Tcheck Ttotal Status Flags
r-devel-linux-x86_64-debian-clang 0.4.0 OK
r-devel-linux-x86_64-debian-gcc 0.4.0 157.97 114.21 272.18 OK
r-devel-linux-x86_64-fedora-clang 0.4.0 559.63 NOTE
r-devel-linux-x86_64-fedora-gcc 0.4.0 502.03 OK
r-devel-windows-ix86+x86_64 0.4.0 532.00 344.00 876.00 OK
r-patched-linux-x86_64 0.4.0 188.30 162.68 350.98 OK
r-patched-solaris-x86 0.4.0 477.00 OK
r-release-linux-x86_64 0.4.0 191.93 162.67 354.60 OK
r-release-macos-x86_64 0.4.0 NOTE
r-release-windows-ix86+x86_64 0.4.0 396.00 253.00 649.00 OK
r-oldrel-macos-x86_64 0.4.0 NOTE
r-oldrel-windows-ix86+x86_64 0.4.0 479.00 322.00 801.00 OK

Check Details

Version: 0.4.0
Check: installed package size
Result: NOTE
     installed size is 14.7Mb
     sub-directories of 1Mb or more:
     libs 14.3Mb
Flavors: r-devel-linux-x86_64-fedora-clang, r-release-macos-x86_64, r-oldrel-macos-x86_64