CRAN Package Check Results for Package keyring

Last updated on 2020-04-09 01:53:15 CEST.

Flavor Version Tinstall Tcheck Ttotal Status Flags
r-devel-linux-x86_64-debian-clang 1.1.0 8.60 34.76 43.36 OK
r-devel-linux-x86_64-debian-gcc 1.1.0 6.62 27.78 34.40 OK
r-devel-linux-x86_64-fedora-clang 1.1.0 47.11 NOTE
r-devel-linux-x86_64-fedora-gcc 1.1.0 59.56 NOTE
r-devel-windows-ix86+x86_64 1.1.0 16.00 65.00 81.00 OK
r-devel-windows-ix86+x86_64-gcc8 1.1.0 16.00 52.00 68.00 OK
r-patched-linux-x86_64 1.1.0 7.53 34.46 41.99 OK
r-patched-solaris-x86 1.1.0 65.40 OK
r-release-linux-x86_64 1.1.0 7.15 32.23 39.38 OK
r-release-windows-ix86+x86_64 1.1.0 18.00 71.00 89.00 OK
r-release-osx-x86_64 1.1.0 OK
r-oldrel-windows-ix86+x86_64 1.1.0 20.00 49.00 69.00 OK
r-oldrel-osx-x86_64 1.1.0 OK

Check Details

Version: 1.1.0
Check: top-level files
Result: NOTE
    ‘configure’: /bin/bash is not portable
Flavors: r-devel-linux-x86_64-fedora-clang, r-devel-linux-x86_64-fedora-gcc