CRAN Package Check Results for Package kfda

Last updated on 2023-01-27 00:51:06 CET.

Flavor Version Tinstall Tcheck Ttotal Status Flags
r-devel-linux-x86_64-debian-clang 1.0.0 3.71 42.61 46.32 NOTE
r-devel-linux-x86_64-debian-gcc 1.0.0 3.98 32.84 36.82 NOTE
r-devel-linux-x86_64-fedora-clang 1.0.0 58.36 NOTE
r-devel-linux-x86_64-fedora-gcc 1.0.0 58.31 NOTE
r-devel-windows-x86_64 1.0.0 10.00 64.00 74.00 NOTE
r-patched-linux-x86_64 1.0.0 3.96 42.17 46.13 NOTE
r-release-linux-x86_64 1.0.0 4.02 42.76 46.78 NOTE
r-release-macos-arm64 1.0.0 21.00 NOTE
r-release-macos-x86_64 1.0.0 29.00 NOTE
r-release-windows-x86_64 1.0.0 8.00 69.00 77.00 NOTE
r-oldrel-macos-arm64 1.0.0 22.00 NOTE
r-oldrel-macos-x86_64 1.0.0 41.00 NOTE
r-oldrel-windows-ix86+x86_64 1.0.0 11.00 65.00 76.00 NOTE

Check Details

Version: 1.0.0
Check: LazyData
Result: NOTE
     'LazyData' is specified without a 'data' directory
Flavors: r-devel-linux-x86_64-debian-clang, r-devel-linux-x86_64-debian-gcc, r-devel-linux-x86_64-fedora-clang, r-devel-linux-x86_64-fedora-gcc, r-devel-windows-x86_64, r-patched-linux-x86_64, r-release-linux-x86_64, r-release-macos-arm64, r-release-macos-x86_64, r-release-windows-x86_64, r-oldrel-macos-arm64, r-oldrel-macos-x86_64, r-oldrel-windows-ix86+x86_64