CRAN Package Check Results for Package kindisperse

Last updated on 2024-06-23 07:58:01 CEST.

Flavor Version Tinstall Tcheck Ttotal Status Flags
r-devel-linux-x86_64-debian-clang 0.10.2 16.92 135.61 152.53 NOTE
r-devel-linux-x86_64-debian-gcc 0.10.2 13.85 100.47 114.32 NOTE
r-devel-linux-x86_64-fedora-clang 0.10.2 194.11 NOTE
r-devel-linux-x86_64-fedora-gcc 0.10.2 196.90 NOTE
r-devel-windows-x86_64 0.10.2 15.00 132.00 147.00 NOTE
r-patched-linux-x86_64 0.10.2 17.50 132.24 149.74 NOTE
r-release-linux-x86_64 0.10.2 10.78 127.89 138.67 NOTE
r-release-macos-arm64 0.10.2 60.00 NOTE
r-release-macos-x86_64 0.10.2 100.00 NOTE
r-release-windows-x86_64 0.10.2 16.00 135.00 151.00 NOTE
r-oldrel-macos-arm64 0.10.2 54.00 OK
r-oldrel-macos-x86_64 0.10.2 78.00 OK
r-oldrel-windows-x86_64 0.10.2 20.00 161.00 181.00 OK

Check Details

Version: 0.10.2
Check: Rd files
Result: NOTE checkRd: (-1) mount_appdata.Rd:10: Lost braces; missing escapes or markup? 10 | \item{x}{An object of class \code{KinPairData} or {KinPairSimulation}} | ^ Flavors: r-devel-linux-x86_64-debian-clang, r-devel-linux-x86_64-debian-gcc, r-devel-linux-x86_64-fedora-clang, r-devel-linux-x86_64-fedora-gcc, r-devel-windows-x86_64, r-patched-linux-x86_64, r-release-linux-x86_64, r-release-macos-arm64, r-release-macos-x86_64, r-release-windows-x86_64

Version: 0.10.2
Check: dependencies in R code
Result: NOTE Namespaces in Imports field not imported from: ‘fitdistrplus’ ‘plotly’ All declared Imports should be used. Flavors: r-devel-linux-x86_64-fedora-clang, r-devel-linux-x86_64-fedora-gcc