CRAN Package Check Results for Package kiwisR

Last updated on 2022-06-27 01:49:54 CEST.

Flavor Version Tinstall Tcheck Ttotal Status Flags
r-devel-linux-x86_64-debian-clang 0.2.0 2.23 32.00 34.23 NOTE
r-devel-linux-x86_64-debian-gcc 0.2.0 1.98 24.46 26.44 NOTE
r-devel-linux-x86_64-fedora-clang 0.2.0 44.85 NOTE
r-devel-linux-x86_64-fedora-gcc 0.2.0 44.38 NOTE
r-devel-windows-x86_64 0.2.0 13.00 122.00 135.00 NOTE
r-patched-linux-x86_64 0.2.0 2.82 30.62 33.44 NOTE
r-release-linux-x86_64 0.2.0 1.71 30.98 32.69 NOTE
r-release-macos-arm64 0.2.0 120.00 NOTE
r-release-macos-x86_64 0.2.0 140.00 NOTE
r-release-windows-x86_64 0.2.0 14.00 119.00 133.00 NOTE
r-oldrel-macos-arm64 0.2.0 120.00 NOTE
r-oldrel-macos-x86_64 0.2.0 1803.00 NOTE
r-oldrel-windows-ix86+x86_64 0.2.0 7.00 122.00 129.00 NOTE

Check Details

Version: 0.2.0
Check: LazyData
Result: NOTE
     'LazyData' is specified without a 'data' directory
Flavors: r-devel-linux-x86_64-debian-clang, r-devel-linux-x86_64-debian-gcc, r-devel-linux-x86_64-fedora-clang, r-devel-linux-x86_64-fedora-gcc, r-devel-windows-x86_64, r-patched-linux-x86_64, r-release-linux-x86_64, r-release-macos-arm64, r-release-macos-x86_64, r-release-windows-x86_64, r-oldrel-macos-arm64, r-oldrel-macos-x86_64, r-oldrel-windows-ix86+x86_64